000
CDUS42 KRAH 210726
CLIGSO


CLIMATE REPORT
NATIONAL WEATHER SERVICE RALEIGH NC
324 AM EDT MON MAY 21 2018


...................................

...THE PIEDMONT TRIAD INTL AIRPORT NC CLIMATE SUMMARY FOR MAY 20 2018...

CLIMATE NORMAL PERIOD 1981 TO 2010
CLIMATE RECORD PERIOD 1903 TO 2018


WEATHER ITEM   OBSERVED TIME   RECORD YEAR NORMAL DEPARTURE LAST
                VALUE   (LST)  VALUE       VALUE  FROM      YEAR
                                                  NORMAL
..................................................................
TEMPERATURE (F)
 YESTERDAY
  MAXIMUM         86    406 PM  95    1917  78      8       89
  MINIMUM         68   1159 PM  43    2002  57     11       66
  AVERAGE         77                        68      9       78

PRECIPITATION (IN)
  YESTERDAY        T             1.69 1940   0.11  -0.11     0.71
  MONTH TO DATE    2.73                      2.09   0.64     2.92
  SINCE MAR 1     11.48                      9.39   2.09    11.22
  SINCE JAN 1     17.69                     15.41   2.28    16.83

DEGREE DAYS
 HEATING
  YESTERDAY        0                         2     -2        0
  MONTH TO DATE    3                        56    -53       50
  SINCE MAR 1    866                       747    119      602
  SINCE JUL 1   3565                      3602    -37     2772

 COOLING
  YESTERDAY       12                         4      8       13
  MONTH TO DATE  146                        59     87       83
  SINCE MAR 1    159                        97     62      179
  SINCE JAN 1    167                        97     70      183
..................................................................


WIND (MPH)
  HIGHEST WIND SPEED    18   HIGHEST WIND DIRECTION    NW (310)
  HIGHEST GUST SPEED    24   HIGHEST GUST DIRECTION    NW (320)
  AVERAGE WIND SPEED     6.9


SKY COVER
  POSSIBLE SUNSHINE  MM
  AVERAGE SKY COVER 0.8


WEATHER CONDITIONS
 THE FOLLOWING WEATHER WAS RECORDED YESTERDAY.
  THUNDERSTORM
  LIGHT RAIN
  FOG
  HAZE


RELATIVE HUMIDITY (PERCENT)
 HIGHEST   100           300 AM
 LOWEST     55           500 PM
 AVERAGE    78

..........................................................


THE PIEDMONT TRIAD INTL AIRPORT NC CLIMATE NORMALS FOR TODAY
                         NORMAL    RECORD    YEAR
 MAXIMUM TEMPERATURE (F)   79        96      1941
                                             1917
 MINIMUM TEMPERATURE (F)   58        42      1954


SUNRISE AND SUNSET
MAY 21 2018...........SUNRISE   610 AM EDT   SUNSET   824 PM EDT
MAY 22 2018...........SUNRISE   609 AM EDT   SUNSET   824 PM EDT


-  INDICATES NEGATIVE NUMBERS.
R  INDICATES RECORD WAS SET OR TIED.
MM INDICATES DATA IS MISSING.
T  INDICATES TRACE AMOUNT.




$$
