000
CDUS44 KJAN 242213
CLIGWO


CLIMATE REPORT
NATIONAL WEATHER SERVICE JACKSON MS
503 PM CDT TUE APR 24 2018


...................................

...THE GREENWOOD CLIMATE SUMMARY FOR APRIL 24 2018...
VALID TODAY AS OF 0500 PM LOCAL TIME.

CLIMATE NORMAL PERIOD 1981 TO 2010
CLIMATE RECORD PERIOD 1948 TO 2018


WEATHER ITEM   OBSERVED TIME   RECORD YEAR NORMAL DEPARTURE LAST
                VALUE   (LST)  VALUE       VALUE  FROM      YEAR
                                                  NORMAL
..................................................................
TEMPERATURE (F)
 TODAY
  MAXIMUM         69    207 PM  89    1965  77     -8       76
                                      1958
  MINIMUM         57    630 AM  38    2005  54      3       45
  AVERAGE         63                        66     -3       61

PRECIPITATION (IN)
  TODAY            0.00          3.35 1953   0.17  -0.17      T
  MONTH TO DATE    4.79                      4.12   0.67     3.92
  SINCE MAR 1     10.53                      8.43   2.10     7.89
  SINCE JAN 1     27.13                     17.37   9.76    16.17

SNOWFALL (IN)
  TODAY            0.0

DEGREE DAYS
 HEATING
  TODAY            2                         3     -1        4
  MONTH TO DATE  166                       112     54       40
  SINCE MAR 1    437                       428      9      272
  SINCE JUL 1   2491                      2659   -168     1755

 COOLING
  TODAY            0                         3     -3        0
  MONTH TO DATE   20                        54    -34      100
  SINCE MAR 1     44                        75    -31      161
  SINCE JAN 1     83                        80      3      195
..................................................................


WIND (MPH)
  HIGHEST WIND SPEED    10   HIGHEST WIND DIRECTION    NW (330)
  HIGHEST GUST SPEED    15   HIGHEST GUST DIRECTION     N (350)
  AVERAGE WIND SPEED     4.1


SKY COVER
  POSSIBLE SUNSHINE  MM
  AVERAGE SKY COVER 1.0


WEATHER CONDITIONS
 THE FOLLOWING WEATHER WAS RECORDED TODAY.
  NO SIGNIFICANT WEATHER WAS OBSERVED.


RELATIVE HUMIDITY (PERCENT)
 HIGHEST    93          1200 AM
 LOWEST     68           100 PM
 AVERAGE    81

..........................................................


THE GREENWOOD CLIMATE NORMALS FOR TOMORROW
                         NORMAL    RECORD    YEAR
 MAXIMUM TEMPERATURE (F)   78        87      1965
 MINIMUM TEMPERATURE (F)   55        38      2013


SUNRISE AND SUNSET
APRIL 24 2018.........SUNRISE   619 AM CDT   SUNSET   738 PM CDT
APRIL 25 2018.........SUNRISE   618 AM CDT   SUNSET   739 PM CDT


-  INDICATES NEGATIVE NUMBERS.
R  INDICATES RECORD WAS SET OR TIED.
MM INDICATES DATA IS MISSING.
T  INDICATES TRACE AMOUNT.




$$
