000
CDUS41 KGYX 270837
CLIGYX


CLIMATE REPORT
NATIONAL WEATHER SERVICE GRAY ME
436 AM EDT SUN MAY 27 2018


...................................

...THE GRAY ME CLIMATE SUMMARY FOR MAY 26 2018...

CLIMATE NORMAL PERIOD 1981 TO 2010
CLIMATE RECORD PERIOD 1995 TO 2018


WEATHER ITEM   OBSERVED TIME   RECORD YEAR NORMAL DEPARTURE LAST
                VALUE   (LST)  VALUE       VALUE  FROM      YEAR
                                                  NORMAL
..................................................................
TEMPERATURE (F)
 YESTERDAY
  MAXIMUM         72        MM  91    2010  68      4       54
  MINIMUM         58        MM  MM      MM  47     11       47
  AVERAGE         65                        58      7       51

PRECIPITATION (IN)
  YESTERDAY        0.10         MM      MM   0.13  -0.03     1.45
  MONTH TO DATE    0.86                      3.23  -2.37     5.13
  SINCE MAR 1      8.48                     11.78  -3.30    12.95
  SINCE JAN 1     15.65                     18.62  -2.97    19.63

SNOWFALL (IN)
  YESTERDAY        0.0          MM      MM   0.0    0.0      0.0
  MONTH TO DATE    0.0                       0.2   -0.2      0.0
  SINCE MAR 1     27.0                      24.9    2.1     34.1
  SINCE JUL 1     96.9                      84.0   12.9    123.9
  SNOW DEPTH       0

DEGREE DAYS
 HEATING
  YESTERDAY        0                         8     -8       14
  MONTH TO DATE  200                       288    -88      315
  SINCE MAR 1   1903                      1905     -2     2021
  SINCE JUL 1   6794                      7063   -269     6715

 COOLING
  YESTERDAY        0                         1     -1        0
  MONTH TO DATE    6                         2      4       19
  SINCE MAR 1      6                         3      3       21
  SINCE JAN 1      6                         3      3       21
..................................................................







THE GRAY ME CLIMATE NORMALS FOR TODAY
                         NORMAL
 MAXIMUM TEMPERATURE (F)   68
 MINIMUM TEMPERATURE (F)   48


SUNRISE AND SUNSET
MAY 27 2018...........SUNRISE   505 AM EDT   SUNSET   812 PM EDT
MAY 28 2018...........SUNRISE   504 AM EDT   SUNSET   813 PM EDT


-  INDICATES NEGATIVE NUMBERS.
R  INDICATES RECORD WAS SET OR TIED.
MM INDICATES DATA IS MISSING.
T  INDICATES TRACE AMOUNT.




$$
