419
CDUS46 KHNX 260823
CLIHJO


CLIMATE REPORT
NATIONAL WEATHER SERVICE SAN JOAQUIN VALLEY, CA
123 AM PDT THU APR 26 2018


...................................

...THE HANFORD CA CLIMATE SUMMARY FOR APRIL 25 2018...

CLIMATE NORMAL PERIOD 1981 TO 2010
CLIMATE RECORD PERIOD 1998 TO 2018


WEATHER ITEM   OBSERVED TIME   RECORD YEAR NORMAL DEPARTURE
                VALUE   (LST)  VALUE       VALUE  FROM
                                                  NORMAL
...............................................................
TEMPERATURE (F)
 YESTERDAY
  MAXIMUM         91    359 PM  92    2005  78     13
  MINIMUM         55    512 AM  36    2009  49      6
  AVERAGE         73                        63     10

PRECIPITATION (IN)
  YESTERDAY        0.00          T    2006   0.03  -0.03
  MONTH TO DATE    0.29                      0.67  -0.38
  SINCE OCT 1      4.70                      9.20  -4.50
  SINCE JAN 1      4.29                      6.07  -1.78

SNOWFALL (IN)
  YESTERDAY        0.0
  MONTH TO DATE    0.0
  SINCE MAR 1      0.0
  SINCE JUL 1      0.0
  SNOW DEPTH       0

DEGREE DAYS
 HEATING
  YESTERDAY        0
  MONTH TO DATE   72
  SINCE MAR 1    360
  SINCE JUL 1   2030

 COOLING
  YESTERDAY        8
  MONTH TO DATE   53
  SINCE MAR 1     61
  SINCE JAN 1     61
...............................................................


WIND (MPH)
  HIGHEST WIND SPEED    15   HIGHEST WIND DIRECTION    NW (310)
  HIGHEST GUST SPEED    20   HIGHEST GUST DIRECTION    NW (310)
  AVERAGE WIND SPEED     7.0




RELATIVE HUMIDITY (PERCENT)
 HIGHEST    77
 LOWEST     21
 AVERAGE    49

..........................................................


THE HANFORD CA CLIMATE NORMALS FOR TODAY
                         NORMAL    RECORD    YEAR
 MAXIMUM TEMPERATURE (F)   78        96      2005
 MINIMUM TEMPERATURE (F)   49        41      2016


SUNRISE AND SUNSET
APRIL 26 2018.........SUNRISE   611 AM PDT   SUNSET   742 PM PDT
APRIL 27 2018.........SUNRISE   610 AM PDT   SUNSET   743 PM PDT


-  INDICATES NEGATIVE NUMBERS.
R  INDICATES RECORD WAS SET OR TIED.
MM INDICATES DATA IS MISSING.
T  INDICATES TRACE AMOUNT.




$$
