000
CDUS44 KLZK 262107
CLIHRO


CLIMATE REPORT
NATIONAL WEATHER SERVICE LITTLE ROCK AR
407 PM CDT THU APR 26 2018


...................................

...THE HARRISON CLIMATE SUMMARY FOR APRIL 26 2018...
VALID TODAY AS OF 0400 PM LOCAL TIME.

CLIMATE NORMAL PERIOD 1981 TO 2010
CLIMATE RECORD PERIOD 1891 TO 2018


WEATHER ITEM   OBSERVED TIME   RECORD YEAR NORMAL DEPARTURE LAST
                VALUE   (LST)  VALUE       VALUE  FROM      YEAR
                                                  NORMAL
..................................................................
TEMPERATURE (F)
 TODAY
  MAXIMUM         61    221 PM  92    1927  72    -11       69
  MINIMUM         49    716 AM  26    1910  50     -1       44
  AVERAGE         55                        61     -6       57

PRECIPITATION (IN)
  TODAY            0.09          2.33 2017   0.16  -0.07     2.33
  MONTH TO DATE    3.37                      3.66  -0.29     7.54
  SINCE MAR 1      8.68                      7.45   1.23    13.18
  SINCE JAN 1     17.31                     12.65   4.66    16.76

SNOWFALL (IN)
  TODAY            0.0          MM      MM   0.0    0.0      0.0
  MONTH TO DATE    0.1                       0.3   -0.2      0.0
  SINCE MAR 1      0.1                       2.3   -2.2      2.5
  SINCE JUL 1      2.2                      11.5   -9.3      3.4
  SNOW DEPTH       0

DEGREE DAYS
 HEATING
  TODAY           10                         5      5        8
  MONTH TO DATE  368                       221    147      124
  SINCE MAR 1    824                       729     95      492
  SINCE JUL 1   3784                      3901   -117     2898

 COOLING
  TODAY            0                         1     -1        0
  MONTH TO DATE    9                        26    -17       34
  SINCE MAR 1      9                        32    -23       40
  SINCE JAN 1     14                        32    -18       47
..................................................................


WIND (MPH)
  HIGHEST WIND SPEED    12   HIGHEST WIND DIRECTION     N (350)
  HIGHEST GUST SPEED    16   HIGHEST GUST DIRECTION    NW (320)
  AVERAGE WIND SPEED     6.8


SKY COVER
  POSSIBLE SUNSHINE  MM
  AVERAGE SKY COVER 0.9


WEATHER CONDITIONS
 THE FOLLOWING WEATHER WAS RECORDED TODAY.
  LIGHT RAIN
  FOG


RELATIVE HUMIDITY (PERCENT)
 HIGHEST   100           100 AM
 LOWEST     64           200 PM
 AVERAGE    82

..........................................................


THE HARRISON CLIMATE NORMALS FOR TOMORROW
                         NORMAL    RECORD    YEAR
 MAXIMUM TEMPERATURE (F)   72        99      1927
 MINIMUM TEMPERATURE (F)   50        32      1904


SUNRISE AND SUNSET
APRIL 26 2018.........SUNRISE   625 AM CDT   SUNSET   756 PM CDT
APRIL 27 2018.........SUNRISE   624 AM CDT   SUNSET   757 PM CDT


-  INDICATES NEGATIVE NUMBERS.
R  INDICATES RECORD WAS SET OR TIED.
MM INDICATES DATA IS MISSING.
T  INDICATES TRACE AMOUNT.




$$
