000
CDUS43 KGID 212225
CLIHSI


CLIMATE REPORT
NATIONAL WEATHER SERVICE HASTINGS NE
525 PM CDT SAT APR 21 2018


...................................

...THE HASTINGS NE CLIMATE SUMMARY FOR APRIL 21 2018...
VALID TODAY AS OF 0500 PM LOCAL TIME.

CLIMATE NORMAL PERIOD 1981 TO 2010
CLIMATE RECORD PERIOD 1894 TO 2018


WEATHER ITEM   OBSERVED TIME   RECORD YEAR NORMAL DEPARTURE LAST
                VALUE   (LST)  VALUE       VALUE  FROM      YEAR
                                                  NORMAL
..................................................................
TEMPERATURE (F)
 TODAY
  MAXIMUM         44    359 PM  89    1925  65    -21       60
  MINIMUM         41    618 AM  25    1927  41      0       42
  AVERAGE         43                        53    -10       51

PRECIPITATION (IN)
  TODAY            0.08          2.32 1954   0.10  -0.02     0.00
  MONTH TO DATE    0.94                      1.56  -0.62     0.77
  SINCE MAR 1      2.01                      3.35  -1.34     1.85
  SINCE JAN 1      3.03                      4.25  -1.22     2.95

SNOWFALL (IN)
  TODAY           MM             3.0  1927   0.1   MM        0.0
  MONTH TO DATE    6.9                       1.1    5.8      0.0
  SINCE MAR 1      7.2                       6.3    0.9      1.2
  SINCE JUL 1     27.1                      28.7   -1.6     10.3
  SNOW DEPTH       0

DEGREE DAYS
 HEATING
  TODAY           22                        13      9       14
  MONTH TO DATE  562                       334    228      219
  SINCE MAR 1   1329                      1111    218      882
  SINCE JUL 1   6047                      5741    306     4812

 COOLING
  TODAY            0                         0      0        0
  MONTH TO DATE    0                         0      0        8
  SINCE MAR 1      0                         0      0        8
  SINCE JAN 1      0                         0      0        8
..................................................................


WIND (MPH)
  HIGHEST WIND SPEED    18   HIGHEST WIND DIRECTION    SE (130)
  HIGHEST GUST SPEED    27   HIGHEST GUST DIRECTION    SE (120)
  AVERAGE WIND SPEED     7.2


SKY COVER
  AVERAGE SKY COVER 1.0


WEATHER CONDITIONS
 THE FOLLOWING WEATHER WAS RECORDED TODAY.
  RAIN
  LIGHT RAIN
  FOG


RELATIVE HUMIDITY (PERCENT)
 HIGHEST    96          1200 PM
 LOWEST     82           900 AM
 AVERAGE    89

..........................................................


THE HASTINGS NE CLIMATE NORMALS FOR TOMORROW
                         NORMAL    RECORD    YEAR
 MAXIMUM TEMPERATURE (F)   65        93      1937
 MINIMUM TEMPERATURE (F)   41        26      1951
                                             1909


SUNRISE AND SUNSET
APRIL 21 2018.........SUNRISE   646 AM CDT   SUNSET   819 PM CDT
APRIL 22 2018.........SUNRISE   645 AM CDT   SUNSET   820 PM CDT


-  INDICATES NEGATIVE NUMBERS.
R  INDICATES RECORD WAS SET OR TIED.
MM INDICATES DATA IS MISSING.
T  INDICATES TRACE AMOUNT.




$$
