000
CDUS41 KCAR 250548
CLIHUL


CLIMATE REPORT
NATIONAL WEATHER SERVICE CARIBOU, ME
147 AM EDT WED APR 25 2018


...................................

...THE HOULTON ME CLIMATE SUMMARY FOR APRIL 24 2018...

CLIMATE NORMAL PERIOD 1981 TO 2010
CLIMATE RECORD PERIOD 1948 TO 2018


WEATHER ITEM   OBSERVED TIME   RECORD YEAR NORMAL DEPARTURE LAST
                VALUE   (LST)  VALUE       VALUE  FROM      YEAR
                                                  NORMAL
..................................................................
TEMPERATURE (F)
 YESTERDAY
  MAXIMUM         71    253 PM  82    1942  55     16       51
  MINIMUM         35   1217 AM  17    1985  32      3       26
  AVERAGE         53                        43     10       39

PRECIPITATION (IN)
  YESTERDAY        0.00          0.77 1974   0.13  -0.13     0.00
  MONTH TO DATE    1.82                      3.07  -1.25     3.02
  SINCE MAR 1      3.81                      5.66  -1.85     4.55
  SINCE JAN 1      9.49                     10.52  -1.03     9.00

SNOWFALL (IN)
  YESTERDAY       MM             8.8  1974   0.1   MM       MM
  MONTH TO DATE   MM                         5.6   MM       MM
  SINCE MAR 1     MM                        23.4   MM       MM
  SINCE JUL 1     MM                        89.0   MM       MM
  SNOW DEPTH      MM

DEGREE DAYS
 HEATING
  YESTERDAY       12                        22    -10       26
  MONTH TO DATE  754                       655     99      607
  SINCE MAR 1   1881                      1878      3     1935
  SINCE JUL 1   7949                      8451   -502     7896

 COOLING
  YESTERDAY        0                         0      0        0
  MONTH TO DATE    0                         0      0        0
  SINCE MAR 1      0                         0      0        0
  SINCE JAN 1      0                         0      0        0
..................................................................


WIND (MPH)
  HIGHEST WIND SPEED    20   HIGHEST WIND DIRECTION    SW (230)
  HIGHEST GUST SPEED    26   HIGHEST GUST DIRECTION    SW (240)
  AVERAGE WIND SPEED     9.1


SKY COVER
  POSSIBLE SUNSHINE  MM
  AVERAGE SKY COVER 0.0


WEATHER CONDITIONS
 THE FOLLOWING WEATHER WAS RECORDED YESTERDAY.
  NO SIGNIFICANT WEATHER WAS OBSERVED.


RELATIVE HUMIDITY (PERCENT)
 HIGHEST    56           400 AM
 LOWEST     18          1200 PM
 AVERAGE    37

..........................................................


THE HOULTON ME CLIMATE NORMALS FOR TODAY
                         NORMAL    RECORD    YEAR
 MAXIMUM TEMPERATURE (F)   55        81      1942
 MINIMUM TEMPERATURE (F)   32        17      1965


SUNRISE AND SUNSET
APRIL 25 2018.........SUNRISE   527 AM EDT   SUNSET   732 PM EDT
APRIL 26 2018.........SUNRISE   526 AM EDT   SUNSET   733 PM EDT


-  INDICATES NEGATIVE NUMBERS.
R  INDICATES RECORD WAS SET OR TIED.
MM INDICATES DATA IS MISSING.
T  INDICATES TRACE AMOUNT.




$$
