000
CDUS43 KUNR 240903
CLIIEN


CLIMATE REPORT
NATIONAL WEATHER SERVICE RAPID CITY SD
301 AM MDT THU MAY 24 2018


...................................

...THE PINE RIDGE SD CLIMATE SUMMARY FOR MAY 23 2018...

CLIMATE NORMAL PERIOD 1981 TO 2010
CLIMATE RECORD PERIOD 9999 TO 9999


WEATHER ITEM   OBSERVED TIME   NORMAL DEPARTURE LAST
                VALUE   (LST)  VALUE  FROM      YEAR
                                      NORMAL
......................................................
TEMPERATURE (F)
 YESTERDAY
  MAXIMUM         82    401 PM  72     10       62
  MINIMUM         54   1159 PM  44     10       39
  AVERAGE         68            58     10       51

PRECIPITATION (IN)
  YESTERDAY        0.06          0.08  -0.02     0.00
  MONTH TO DATE    2.50          1.88   0.62     3.77
  SINCE MAR 1      5.25          4.66   0.59     8.03
  SINCE JAN 1      6.28          5.45   0.83     9.17

DEGREE DAYS
 HEATING
  YESTERDAY        0             8     -8       14
  MONTH TO DATE  182           254    -72      247
  SINCE MAR 1   1736          1724     12     1450
  SINCE JUL 1   7040          7074    -34     6616

 COOLING
  YESTERDAY        3             1      2        0
  MONTH TO DATE   21             6     15       15
  SINCE MAR 1     22             6     16       16
  SINCE JAN 1     22             6     16       16
......................................................


WIND (MPH)
  HIGHEST WIND SPEED    32   HIGHEST WIND DIRECTION    NW (320)
  HIGHEST GUST SPEED    42   HIGHEST GUST DIRECTION    NW (330)
  AVERAGE WIND SPEED     7.5


SKY COVER
  AVERAGE SKY COVER 0.4


WEATHER CONDITIONS
 THE FOLLOWING WEATHER WAS RECORDED YESTERDAY.
  THUNDERSTORM
  LIGHT RAIN
  FOG


RELATIVE HUMIDITY (PERCENT)
 HIGHEST   100           200 AM
 LOWEST     47           200 PM
 AVERAGE    74

..........................................................




SUNRISE AND SUNSET
MAY 24 2018...........SUNRISE   519 AM MDT   SUNSET   816 PM MDT
MAY 25 2018...........SUNRISE   518 AM MDT   SUNSET   817 PM MDT


-  INDICATES NEGATIVE NUMBERS.
R  INDICATES RECORD WAS SET OR TIED.
MM INDICATES DATA IS MISSING.
T  INDICATES TRACE AMOUNT.




$$
