000
CDUS45 KVEF 190827
CLIIGM


CLIMATE REPORT
NATIONAL WEATHER SERVICE LAS VEGAS, NV
126 AM PDT THU APR 19 2018


...................................

...THE KINGMAN AZ CLIMATE SUMMARY FOR APRIL 18 2018...

CLIMATE NORMAL PERIOD 1981 TO 2010
CLIMATE RECORD PERIOD 1901 TO 2018


WEATHER ITEM   OBSERVED TIME   RECORD YEAR NORMAL DEPARTURE LAST
                VALUE   (LST)  VALUE       VALUE  FROM      YEAR
                                                  NORMAL
..................................................................
TEMPERATURE (F)
 YESTERDAY
  MAXIMUM         74    442 PM  95    1938  74      0       82
  MINIMUM         38    422 AM  29    1976  45     -7       51
  AVERAGE         56                        59     -3       67

PRECIPITATION (IN)
  YESTERDAY        0.00          0.22 2000   0.02  -0.02     0.00
  MONTH TO DATE    T                         0.30  -0.30     0.00
  SINCE OCT 1      1.31                      5.32  -4.01     6.26
  SINCE JAN 1      1.31                      3.22  -1.91     2.70

DEGREE DAYS
 HEATING
  YESTERDAY        9                         6      3        0
  MONTH TO DATE   65                       155    -90      118
  SINCE MAR 1    441                       573   -132      359
  SINCE JUL 1   2219                      2986   -767     2356

 COOLING
  YESTERDAY        0                         1     -1        2
  MONTH TO DATE   26                        11     15        4
  SINCE MAR 1     27                        14     13       10
  SINCE JAN 1     27                        14     13       10
..................................................................


WIND (MPH)
  RESULTANT WIND SPEED   5   RESULTANT WIND DIRECTION   S (200)
  HIGHEST WIND SPEED    26   HIGHEST WIND DIRECTION    SW (210)
  HIGHEST GUST SPEED    32   HIGHEST GUST DIRECTION    SW (240)
  AVERAGE WIND SPEED    11.6


SKY COVER
  POSSIBLE SUNSHINE  MM
  AVERAGE SKY COVER 0.0


WEATHER CONDITIONS
 THE FOLLOWING WEATHER WAS RECORDED YESTERDAY.
  NO SIGNIFICANT WEATHER WAS OBSERVED.


RELATIVE HUMIDITY (PERCENT)
 HIGHEST    23           100 AM
 LOWEST      8          1100 AM
 AVERAGE    16

..........................................................


THE KINGMAN AZ CLIMATE NORMALS FOR TODAY
                         NORMAL    RECORD    YEAR
 MAXIMUM TEMPERATURE (F)   75        97      1938
 MINIMUM TEMPERATURE (F)   45        29      1975


SUNRISE AND SUNSET
APRIL 19 2018.........SUNRISE   558 AM MST   SUNSET   712 PM MST
APRIL 20 2018.........SUNRISE   557 AM MST   SUNSET   713 PM MST


-  INDICATES NEGATIVE NUMBERS.
R  INDICATES RECORD WAS SET OR TIED.
MM INDICATES DATA IS MISSING.
T  INDICATES TRACE AMOUNT.




$$
