000
CDUS43 KBIS 270025
CLIISN


CLIMATE REPORT
NATIONAL WEATHER SERVICE BISMARCK ND
725 PM CDT THU APR 26 2018


...................................

...THE WILLISTON ND CLIMATE SUMMARY FOR APRIL 26 2018...
VALID TODAY AS OF 0500 PM LOCAL TIME.

CLIMATE NORMAL PERIOD 1981 TO 2010
CLIMATE RECORD PERIOD 1894 TO 2018


WEATHER ITEM   OBSERVED TIME   RECORD YEAR NORMAL DEPARTURE LAST
                VALUE   (LST)  VALUE       VALUE  FROM      YEAR
                                                  NORMAL
..................................................................
TEMPERATURE (F)
 TODAY
  MAXIMUM         71    553 PM  91    1910  62      9       53
  MINIMUM         27    553 AM  12    1907  34     -7       22
  AVERAGE         49                        48      1       38

PRECIPITATION (IN)
  TODAY            0.00          0.73 1943   0.04  -0.04     0.00
  MONTH TO DATE    0.17                      0.82  -0.65     0.50
  SINCE MAR 1      1.93                      1.53   0.40     1.35
  SINCE JAN 1      2.50                      2.51  -0.01     2.49

SNOWFALL (IN)
  TODAY           MM

DEGREE DAYS
 HEATING
  TODAY           16                        17     -1       27
  MONTH TO DATE  833                       584    249      535
  SINCE MAR 1   2092                      1691    401     1575
  SINCE JUL 1   8946                      8459    487     7597

 COOLING
  TODAY            0                         0      0        0
  MONTH TO DATE    0                         0      0        0
  SINCE MAR 1      0                         0      0        0
  SINCE JAN 1      0                         0      0        0
..................................................................


WIND (MPH)
  HIGHEST WIND SPEED    28   HIGHEST WIND DIRECTION     W (290)
  HIGHEST GUST SPEED    36   HIGHEST GUST DIRECTION     W (280)
  AVERAGE WIND SPEED     9.1


SKY COVER
  POSSIBLE SUNSHINE  MM
  AVERAGE SKY COVER 0.0


WEATHER CONDITIONS
 THE FOLLOWING WEATHER WAS RECORDED TODAY.
  NO SIGNIFICANT WEATHER WAS OBSERVED.


RELATIVE HUMIDITY (PERCENT)
 HIGHEST    82           400 AM
 LOWEST     18           500 PM
 AVERAGE    50

..........................................................


THE WILLISTON ND CLIMATE NORMALS FOR TOMORROW
                         NORMAL    RECORD    YEAR
 MAXIMUM TEMPERATURE (F)   62        88      1910
 MINIMUM TEMPERATURE (F)   34        10      1907


SUNRISE AND SUNSET
APRIL 26 2018.........SUNRISE   644 AM CDT   SUNSET   901 PM CDT
APRIL 27 2018.........SUNRISE   643 AM CDT   SUNSET   903 PM CDT


-  INDICATES NEGATIVE NUMBERS.
R  INDICATES RECORD WAS SET OR TIED.
MM INDICATES DATA IS MISSING.
T  INDICATES TRACE AMOUNT.




$$
