000
CDCA42 TJSJ 220445
CLIIST


CLIMATE REPORT
NATIONAL WEATHER SERVICE SAN JUAN, PR
1245 AM AST SUN APR 22 2018


...................................

...THE CYRIL E. KING AP/ST THOMAS  CLIMATE SUMMARY FOR APRIL 21 2018...

CLIMATE NORMAL PERIOD 1981 TO 2010
CLIMATE RECORD PERIOD 1953 TO 2018


WEATHER ITEM   OBSERVED TIME   RECORD YEAR NORMAL DEPARTURE LAST
                VALUE   (LST)  VALUE       VALUE  FROM      YEAR
                                                  NORMAL
..................................................................
TEMPERATURE (F)
 YESTERDAY
  MAXIMUM         87   1258 PM  93    1993  87      0       85
  MINIMUM         77    541 AM  68    1955  75      2       74
  AVERAGE         82                        81      1       80

PRECIPITATION (IN)
  YESTERDAY        T             1.66 1993   0.10  -0.10     0.00
  MONTH TO DATE    0.83                      1.72  -0.89     0.54
  SINCE MAR 1      3.09                      3.14  -0.05     6.37
  SINCE JAN 1      9.10                      6.95   2.15     9.05

SNOWFALL (IN)
  YESTERDAY        0.0                       0.0    0.0      0.0
  MONTH TO DATE    0.0                       0.0    0.0      0.0
  SINCE MAR 1      0.0                       0.0    0.0      0.0
  SINCE JUL 1      0.0                       0.0    0.0      0.0

DEGREE DAYS
 HEATING
  YESTERDAY        0                         0      0        0
  MONTH TO DATE    0                         0      0        0
  SINCE MAR 1      0                         0      0        0
  SINCE JUL 1      0                         0      0        0

 COOLING
  YESTERDAY       17                        16      1       15
  MONTH TO DATE  280                       325    -45      309
  SINCE MAR 1    346                       770   -424      720
  SINCE JAN 1   1141                      1584   -443     1516
..................................................................


WIND (MPH)
  HIGHEST WIND SPEED    22   HIGHEST WIND DIRECTION     E (110)
  HIGHEST GUST SPEED    28   HIGHEST GUST DIRECTION     E (100)
  AVERAGE WIND SPEED    12.0


SKY COVER
  AVERAGE SKY COVER 0.1


WEATHER CONDITIONS
 THE FOLLOWING WEATHER WAS RECORDED YESTERDAY.
  LIGHT RAIN


RELATIVE HUMIDITY (PERCENT)
 HIGHEST    88
 LOWEST     55
 AVERAGE    72

..........................................................


THE CYRIL E. KING AP/ST THOMAS  CLIMATE NORMALS FOR TODAY
                         NORMAL    RECORD    YEAR
 MAXIMUM TEMPERATURE (F)   87        91      1995
 MINIMUM TEMPERATURE (F)   75        65      1955


SUNRISE AND SUNSET
APRIL 22 2018.........SUNRISE   558 AM AST   SUNSET   639 PM AST
APRIL 23 2018.........SUNRISE   558 AM AST   SUNSET   639 PM AST


-  INDICATES NEGATIVE NUMBERS.
R  INDICATES RECORD WAS SET OR TIED.
MM INDICATES DATA IS MISSING.
T  INDICATES TRACE AMOUNT.




$$
