000
CDHW43 PHFO 260227
CLIITO


CLIMATE REPORT
NATIONAL WEATHER SERVICE HONOLULU HI
426 PM HST WED APR 25 2018


...................................

...THE HILO HI CLIMATE SUMMARY FOR APRIL 25 2018...
VALID TODAY AS OF 0400 PM LOCAL TIME.

CLIMATE NORMAL PERIOD 1981 TO 2010
CLIMATE RECORD PERIOD 1946 TO 2018


WEATHER ITEM   OBSERVED TIME   RECORD YEAR NORMAL DEPARTURE LAST
                VALUE   (LST)  VALUE       VALUE  FROM      YEAR
                                                  NORMAL
..................................................................
TEMPERATURE (F)
 TODAY
  MAXIMUM         82   1228 PM  85    2017  79      3       85
                                      1980
                                      1977
  MINIMUM         68    700 AM  62    2007  66      2       65
                                      1982
                                      1974
  AVERAGE         75                        72      3       75

PRECIPITATION (IN)
  TODAY            0.19          2.11 1979   0.34  -0.15     0.01
  MONTH TO DATE   10.45                      9.91   0.54     4.16
  SINCE MAR 1     21.38                     23.34  -1.96     7.56
  SINCE JAN 1     51.46                     42.16   9.30    26.05

SNOWFALL (IN)
  TODAY            0.0
  MONTH TO DATE    0.0
  SINCE MAR 1      0.0
  SINCE JUL 1      0.0
  SNOW DEPTH      MM

DEGREE DAYS
 HEATING
  TODAY            0                         0      0        0
  MONTH TO DATE    0                         0      0        0
  SINCE MAR 1      0                         0      0        0
  SINCE JUL 1      0                         0      0        0

 COOLING
  TODAY           10                         7      3       10
  MONTH TO DATE  257                       175     82      233
  SINCE MAR 1    543                       386    157      535
  SINCE JAN 1   1051                       756    295      944
..................................................................


WIND (MPH)
  HIGHEST WIND SPEED    14   HIGHEST WIND DIRECTION     E (70)
  HIGHEST GUST SPEED    17   HIGHEST GUST DIRECTION    NE (50)
  AVERAGE WIND SPEED    MM


SKY COVER
  POSSIBLE SUNSHINE  MM
  AVERAGE SKY COVER  MM


WEATHER CONDITIONS
 THE FOLLOWING WEATHER WAS RECORDED TODAY.
  FOG
  HAZE


RELATIVE HUMIDITY (PERCENT)
 HIGHEST    MM
 LOWEST     MM
 AVERAGE    MM

..........................................................


THE HILO HI CLIMATE NORMALS FOR TOMORROW
                         NORMAL    RECORD    YEAR
 MAXIMUM TEMPERATURE (F)   79        86      1977
                                             1962
 MINIMUM TEMPERATURE (F)   66        59      2009


SUNRISE AND SUNSET
APRIL 25 2018.........SUNRISE   555 AM HST   SUNSET   641 PM HST
APRIL 26 2018.........SUNRISE   554 AM HST   SUNSET   642 PM HST


-  INDICATES NEGATIVE NUMBERS.
R  INDICATES RECORD WAS SET OR TIED.
MM INDICATES DATA IS MISSING.
T  INDICATES TRACE AMOUNT.




$$
