530
CDUS43 KGLD 230756
CLIITR

CLIMATE REPORT
NATIONAL WEATHER SERVICE GOODLAND
155 AM MDT WED MAY 23 2018


...................................

...THE BURLINGTON CO CLIMATE SUMMARY FOR MAY 22 2018...

CLIMATE NORMAL PERIOD 1981 TO 2010
CLIMATE RECORD PERIOD 1896 TO 2018


WEATHER ITEM   OBSERVED TIME   RECORD YEAR NORMAL DEPARTURE LAST
                VALUE   (LST)  VALUE       VALUE  FROM      YEAR
                                                  NORMAL
..................................................................
TEMPERATURE (F)
 YESTERDAY
  MAXIMUM         81    219 PM  95    1939  75      6       71
  MINIMUM         52   1245 AM  29    1931  47      5       43
  AVERAGE         67                        61      6       57

PRECIPITATION (IN)
  YESTERDAY        T                         0.09  -0.09     0.26
  MONTH TO DATE    0.67                      1.69  -1.02     4.31
  SINCE MAR 1      2.78                      4.04  -1.26    10.13
  SINCE JAN 1      4.34                      4.84  -0.50    10.69

..................................................................

THE BURLINGTON CO CLIMATE NORMALS FOR TODAY
                         NORMAL    RECORD    YEAR
 MAXIMUM TEMPERATURE (F)   76        94      1967
 MINIMUM TEMPERATURE (F)   47        33      1930



-  INDICATES NEGATIVE NUMBERS.
R  INDICATES RECORD WAS SET OR TIED.
MM INDICATES DATA IS MISSING.
T  INDICATES TRACE AMOUNT.




$$
