000
CDUS44 KJAN 252138
CLIJAN


CLIMATE REPORT
NATIONAL WEATHER SERVICE JACKSON MS
425 PM CDT WED APR 25 2018


...................................

...THE JACKSON CLIMATE SUMMARY FOR APRIL 25 2018...
VALID TODAY AS OF 0400 PM LOCAL TIME.

CLIMATE NORMAL PERIOD 1981 TO 2010
CLIMATE RECORD PERIOD 1896 TO 2018


WEATHER ITEM   OBSERVED TIME   RECORD YEAR NORMAL DEPARTURE LAST
                VALUE   (LST)  VALUE       VALUE  FROM      YEAR
                                                  NORMAL
..................................................................
TEMPERATURE (F)
 TODAY
  MAXIMUM         79    256 PM  90    1925  78      1       83
  MINIMUM         48    541 AM  31    1910  55     -7       51
  AVERAGE         64                        66     -2       67

PRECIPITATION (IN)
  TODAY            0.00          3.48 1929   0.15  -0.15     0.00
  MONTH TO DATE    8.58                      4.27   4.31     8.83
  SINCE MAR 1     17.77                      9.31   8.46    13.35
  SINCE JAN 1     31.38                     19.04  12.34    23.56

SNOWFALL (IN)
  TODAY            0.0           0.0         0.0    0.0      0.0
  MONTH TO DATE    0.0                       0.0    0.0      0.0
  SINCE MAR 1      0.0                       0.1   -0.1      0.0
  SINCE JUL 1      5.9                       0.8    5.1      0.8

DEGREE DAYS
 HEATING
  TODAY            1                         2     -1        0
  MONTH TO DATE  145                       100     45       33
  SINCE MAR 1    373                       378     -5      197
  SINCE JUL 1   2043                      2370   -327     1315

 COOLING
  TODAY            0                         3     -3        2
  MONTH TO DATE   22                        60    -38      104
  SINCE MAR 1     62                        87    -25      189
  SINCE JAN 1    127                        97     30      247
..................................................................


WIND (MPH)
  HIGHEST WIND SPEED    10   HIGHEST WIND DIRECTION     N (360)
  HIGHEST GUST SPEED    15   HIGHEST GUST DIRECTION     N (360)
  AVERAGE WIND SPEED     1.4


SKY COVER
  POSSIBLE SUNSHINE  MM
  AVERAGE SKY COVER 0.2


WEATHER CONDITIONS
 THE FOLLOWING WEATHER WAS RECORDED TODAY.
  FOG


RELATIVE HUMIDITY (PERCENT)
 HIGHEST   100           100 AM
 LOWEST     38          1200 PM
 AVERAGE    69

..........................................................


THE JACKSON CLIMATE NORMALS FOR TOMORROW
                         NORMAL    RECORD    YEAR
 MAXIMUM TEMPERATURE (F)   78        90      1989
                                             1925
 MINIMUM TEMPERATURE (F)   55        36      1910


SUNRISE AND SUNSET
APRIL 25 2018.........SUNRISE   620 AM CDT   SUNSET   737 PM CDT
APRIL 26 2018.........SUNRISE   619 AM CDT   SUNSET   738 PM CDT


-  INDICATES NEGATIVE NUMBERS.
R  INDICATES RECORD WAS SET OR TIED.
MM INDICATES DATA IS MISSING.
T  INDICATES TRACE AMOUNT.

&&

AT 4 PM:

THE PEARL RIVER STAGE AT JACKSON WAS 24.5 FEET. THE RIVER
ROSE BY 0.7 FEET OVER THE PAST 24 HOURS.

THE MISSISSIPPI RIVER STAGE AT VICKSBURG WAS 42.7 FEET. THE RIVER
FELL 0.2 FEET OVER THE PAST 24 HOURS.

THE AIR QUALITY INDEX IN JACKSON WAS 61...WHICH WAS MODERATE.



$$
