000
CDUS42 KJAX 230529
CLIJAX


CLIMATE REPORT
NATIONAL WEATHER SERVICE JACKSONVILLE FL
128 AM EDT MON APR 23 2018


...................................

...THE JACKSONVILLE CLIMATE SUMMARY FOR APRIL 22 2018...

CLIMATE NORMAL PERIOD 1981 TO 2010
CLIMATE RECORD PERIOD 1871 TO 2018


WEATHER ITEM   OBSERVED TIME   RECORD YEAR NORMAL DEPARTURE LAST
                VALUE   (LST)  VALUE       VALUE  FROM      YEAR
                                                  NORMAL
..................................................................
TEMPERATURE (F)
 YESTERDAY
  MAXIMUM         75    236 PM  93    1995  80     -5       86
                                      1968
  MINIMUM         66    523 AM  42    1962  56     10       60
  AVERAGE         71                        68      3       73

PRECIPITATION (IN)
  YESTERDAY        0.47          1.21 1938   0.08   0.39     0.00
  MONTH TO DATE    2.78                      2.07   0.71     0.74
  SINCE MAR 1      4.92                      6.02  -1.10     1.81
  SINCE JAN 1     10.29                     12.51  -2.22     7.21

SNOWFALL (IN)
  YESTERDAY        0.0           0.0  2002   0.0    0.0      0.0
                                      2001
  MONTH TO DATE    0.0                       0.0    0.0      0.0
  SINCE MAR 1      T                         T      0.0      0.0
  SINCE JUL 1      T                         T      0.0      0.0
  SNOW DEPTH       0

DEGREE DAYS
 HEATING
  YESTERDAY        0                         1     -1        0
  MONTH TO DATE   35                        48    -13       21
  SINCE MAR 1    237                       204     33      179
  SINCE JUL 1   1103                      1337   -234      782

 COOLING
  YESTERDAY        6                         4      2        8
  MONTH TO DATE   68                        72     -4      100
  SINCE MAR 1    108                       126    -18      179
  SINCE JAN 1    223                       155     68      251
..................................................................


WIND (MPH)
  HIGHEST WIND SPEED    23   HIGHEST WIND DIRECTION    SE (120)
  HIGHEST GUST SPEED    30   HIGHEST GUST DIRECTION    SE (120)
  AVERAGE WIND SPEED    13.1


SKY COVER
  POSSIBLE SUNSHINE  MM
  AVERAGE SKY COVER 0.8


WEATHER CONDITIONS
 THE FOLLOWING WEATHER WAS RECORDED YESTERDAY.
  HEAVY RAIN
  RAIN
  LIGHT RAIN
  FOG


RELATIVE HUMIDITY (PERCENT)
 HIGHEST    97          1100 PM
 LOWEST     60           100 PM
 AVERAGE    79

..........................................................


THE JACKSONVILLE CLIMATE NORMALS FOR TODAY
                         NORMAL    RECORD    YEAR
 MAXIMUM TEMPERATURE (F)   81        92      1970
                                             1967
 MINIMUM TEMPERATURE (F)   56        37      1993


SUNRISE AND SUNSET
APRIL 23 2018.........SUNRISE   651 AM EDT   SUNSET   800 PM EDT
APRIL 24 2018.........SUNRISE   650 AM EDT   SUNSET   800 PM EDT


-  INDICATES NEGATIVE NUMBERS.
R  INDICATES RECORD WAS SET OR TIED.
MM INDICATES DATA IS MISSING.
T  INDICATES TRACE AMOUNT.




$$
