000
CDUS43 KBIS 200053
CLIJMS


CLIMATE REPORT
NATIONAL WEATHER SERVICE BISMARCK ND
751 PM CDT THU APR 19 2018


...................................

...THE JAMESTOWN ND CLIMATE SUMMARY FOR APRIL 19 2018...
VALID TODAY AS OF 0500 PM LOCAL TIME.

CLIMATE NORMAL PERIOD 1981 TO 2010
CLIMATE RECORD PERIOD 1891 TO 2018


WEATHER ITEM   OBSERVED TIME   RECORD YEAR NORMAL DEPARTURE LAST
                VALUE   (LST)  VALUE       VALUE  FROM      YEAR
                                                  NORMAL
..................................................................
TEMPERATURE (F)
 TODAY
  MAXIMUM         55    416 PM  82    1987  57     -2       47
                                      1908
  MINIMUM         26    545 AM  12    1922  32     -6       33
  AVERAGE         41                        44     -3       40

PRECIPITATION (IN)
  TODAY            0.00          0.54 1974   0.03  -0.03     0.06
  MONTH TO DATE    0.02                      0.62  -0.60     1.16
  SINCE MAR 1      0.55                      1.46  -0.91     1.24
  SINCE JAN 1      0.68                      2.31  -1.63     1.66

DEGREE DAYS
 HEATING
  TODAY           24                        21      3       25
  MONTH TO DATE  757                       480    277      378
  SINCE MAR 1   1990                      1641    349     1533
  SINCE JUL 1   8701                      8400    301     7542

 COOLING
  TODAY            0                         0      0        0
  MONTH TO DATE    0                         0      0        0
  SINCE MAR 1      0                         0      0        0
  SINCE JAN 1      0                         0      0        0
..................................................................


WIND (MPH)
  RESULTANT WIND SPEED   1   RESULTANT WIND DIRECTION  NW (320)
  HIGHEST WIND SPEED    12   HIGHEST WIND DIRECTION     S (180)
  HIGHEST GUST SPEED    14   HIGHEST GUST DIRECTION     S (190)
  AVERAGE WIND SPEED     3.9


SKY COVER
  POSSIBLE SUNSHINE  MM
  AVERAGE SKY COVER 0.0


WEATHER CONDITIONS
 THE FOLLOWING WEATHER WAS RECORDED TODAY.
  NO SIGNIFICANT WEATHER WAS OBSERVED.


RELATIVE HUMIDITY (PERCENT)
 HIGHEST   100           600 AM
 LOWEST     32           400 PM
 AVERAGE    66

..........................................................


THE JAMESTOWN ND CLIMATE NORMALS FOR TOMORROW
                         NORMAL    RECORD    YEAR
 MAXIMUM TEMPERATURE (F)   58        92      1980
 MINIMUM TEMPERATURE (F)   32        13      2013


SUNRISE AND SUNSET
APRIL 19 2018.........SUNRISE   640 AM CDT   SUNSET   829 PM CDT
APRIL 20 2018.........SUNRISE   638 AM CDT   SUNSET   830 PM CDT


-  INDICATES NEGATIVE NUMBERS.
R  INDICATES RECORD WAS SET OR TIED.
MM INDICATES DATA IS MISSING.
T  INDICATES TRACE AMOUNT.




$$
