022
CDAK47 PAJK 221128
CLIJNU
CLIMATE REPORT
NATIONAL WEATHER SERVICE JUNEAU, AK
326 AM AKDT SUN APR 22 2018


...................................

...THE JUNEAU CLIMATE SUMMARY FOR APRIL 21 2018...

CLIMATE NORMAL PERIOD 1981 TO 2010
CLIMATE RECORD PERIOD 1936 TO 2018


WEATHER ITEM   OBSERVED RECORD YEAR NORMAL DEPARTURE LAST
                VALUE   VALUE       VALUE  FROM      YEAR
                                           NORMAL
...........................................................
TEMPERATURE (F)
 YESTERDAY
  MAXIMUM         46     63    1978  50     -4       53
  MINIMUM         29     22    1948  34     -5       33
  AVERAGE         38                 42     -4       43

PRECIPITATION (IN)
  YESTERDAY        0.03   0.76 1980   0.10  -0.07     0.01
  MONTH TO DATE    1.13               2.07  -0.94     0.65
  SINCE JAN 1     11.71              15.33  -3.62    15.67

SNOWFALL (IN)
  YESTERDAY        0.0    0.1  1972   0.0    0.0      0.0
  MONTH TO DATE    0.0                1.0   -1.0       T
  SINCE JUL 1     77.3               86.6   -9.3     65.2
  SNOW DEPTH       0

DEGREE DAYS
 HEATING
  YESTERDAY       27                 23      4       22
  MONTH TO DATE  542                533      9      477
...........................................................


WIND (MPH)
  HIGHEST WIND SPEED    18   HIGHEST WIND DIRECTION    SE (120)
  HIGHEST GUST SPEED    23   HIGHEST GUST DIRECTION     E (100)
  AVERAGE WIND SPEED     8.8


SKY COVER
  AVERAGE SKY COVER 0.8


WEATHER CONDITIONS
 THE FOLLOWING WEATHER WAS RECORDED YESTERDAY.
  LIGHT RAIN
  FOG


..........................................................


THE JUNEAU CLIMATE NORMALS FOR TODAY
                         NORMAL    RECORD    YEAR
 MAXIMUM TEMPERATURE (F)   50        64      1979
 MINIMUM TEMPERATURE (F)   35        25      1954
                                             1950


SUNRISE AND SUNSET
APRIL 22 2018.........SUNRISE   527 AM AKDT  SUNSET   828 PM AKDT
APRIL 23 2018.........SUNRISE   524 AM AKDT  SUNSET   830 PM AKDT


-  INDICATES NEGATIVE NUMBERS.
R  INDICATES RECORD WAS SET OR TIED.
MM INDICATES DATA IS MISSING.
T  INDICATES TRACE AMOUNT.




$$
--------------------------------------------------------------

AMOUNT OF DAYLIGHT TODAY (HOUR:MIN)......... 15 HOURS 01 MINUTES
GAIN/LOSS SINCE YESTERDAY (HOUR:MIN:SEC).... +0:04:57

$$
