000
CDUS44 KLCH 261245
CLILCH


CLIMATE REPORT
NATIONAL WEATHER SERVICE LAKE CHARLES, LA
745 AM CDT THU APR 26 2018


...................................

...THE LAKE CHARLES CLIMATE SUMMARY FOR APRIL 25 2018...

CLIMATE NORMAL PERIOD 1981 TO 2010
CLIMATE RECORD PERIOD 1895 TO 2018


WEATHER ITEM   OBSERVED TIME   RECORD YEAR NORMAL DEPARTURE LAST
                VALUE   (LST)  VALUE       VALUE  FROM      YEAR
                                                  NORMAL
..................................................................
TEMPERATURE (F)
 YESTERDAY
  MAXIMUM         83    257 PM  89    1999  80      3       78
                                      1908
  MINIMUM         58    611 AM  33    1910  61     -3       56
  AVERAGE         71                        70      1       67

PRECIPITATION (IN)
  YESTERDAY        T             5.02 1997   0.12  -0.12     0.00
  MONTH TO DATE    3.36                      2.74   0.62     2.51
  SINCE MAR 1      5.79                      6.40  -0.61     6.62
  SINCE JAN 1     18.38                     15.09   3.29    13.57

SNOWFALL (IN)
  YESTERDAY        0.0           0.0    MM   0.0    0.0      0.0
  MONTH TO DATE    0.0                       0.0    0.0      0.0
  SINCE MAR 1      0.0                       0.0    0.0      0.0
  SINCE JUL 1      2.2                       0.1    2.1       T
  SNOW DEPTH       0

DEGREE DAYS
 HEATING
  YESTERDAY        0                         1     -1        0
  MONTH TO DATE   57                        44     13        7
  SINCE MAR 1    143                       206    -63       84
  SINCE JUL 1   1299                      1488   -189      742

 COOLING
  YESTERDAY        6                         6      0        2
  MONTH TO DATE   64                       105    -41      136
  SINCE MAR 1    167                       154     13      244
  SINCE JAN 1    269                       177     92      375
..................................................................


WIND (MPH)
  HIGHEST WIND SPEED    14   HIGHEST WIND DIRECTION     W (250)
  HIGHEST GUST SPEED    20   HIGHEST GUST DIRECTION     W (250)
  AVERAGE WIND SPEED     5.8


SKY COVER
  POSSIBLE SUNSHINE  MM
  AVERAGE SKY COVER 0.3


WEATHER CONDITIONS
 THE FOLLOWING WEATHER WAS RECORDED YESTERDAY.
  THUNDERSTORM
  LIGHT RAIN
  FOG
  FOG W/VISIBILITY <= 1/4 MILE


RELATIVE HUMIDITY (PERCENT)
 HIGHEST   100           500 AM
 LOWEST     42           100 PM
 AVERAGE    71

..........................................................


THE LAKE CHARLES CLIMATE NORMALS FOR TODAY
                         NORMAL    RECORD    YEAR
 MAXIMUM TEMPERATURE (F)   80        90      1925
 MINIMUM TEMPERATURE (F)   61        32      1910


SUNRISE AND SUNSET
APRIL 26 2018.........SUNRISE   634 AM CDT   SUNSET   747 PM CDT
APRIL 27 2018.........SUNRISE   633 AM CDT   SUNSET   748 PM CDT


-  INDICATES NEGATIVE NUMBERS.
R  INDICATES RECORD WAS SET OR TIED.
MM INDICATES DATA IS MISSING.
T  INDICATES TRACE AMOUNT.




$$
