000
CDUS46 KLOX 260908
CLILGB


CLIMATE REPORT
NATIONAL WEATHER SERVICE LOS ANGELES/OXNARD CA
207 AM PDT THU APR 26 2018


...................................

...THE LONG BEACH AIRPORT CA CLIMATE SUMMARY FOR APRIL 25 2018...
VALID TODAY AS OF 0200 AM LOCAL TIME.

CLIMATE NORMAL PERIOD 1981 TO 2010
CLIMATE RECORD PERIOD 1958 TO 2018


WEATHER ITEM   OBSERVED TIME   RECORD YEAR NORMAL DEPARTURE LAST
                VALUE   (LST)  VALUE       VALUE  FROM      YEAR
                                                  NORMAL
..................................................................
TEMPERATURE (F)
 TODAY
  MAXIMUM         74    200 PM  91    2004  73      1       77
  MINIMUM         57        MM  44    1974  55      2       57
                                      1960
  AVERAGE         66                        64      2       67

PRECIPITATION (IN)
  TODAY            0.00          0.67 1959   0.02  -0.02     0.00
  MONTH TO DATE    0.04                      0.54  -0.50     0.18
  SINCE OCT 1      3.52                     11.68  -8.16    19.58
  SINCE JAN 1      3.45                      8.10  -4.65    14.38

SNOWFALL (IN)
  TODAY            0.0
  MONTH TO DATE    0.0
  SINCE MAR 1      0.0
  SINCE JUL 1      0.0

DEGREE DAYS
 HEATING
  TODAY            0                         3     -3        0
  MONTH TO DATE   26                        94    -68       29
  SINCE MAR 1    153                       273   -120       99
  SINCE JUL 1    577                      1164   -587      877

 COOLING
  TODAY            1                         1      0        2
  MONTH TO DATE   45                        25     20       34
  SINCE MAR 1     46                        35     11       60
  SINCE JAN 1     86                        43     43       61
..................................................................


WIND (MPH)
  HIGHEST WIND SPEED     9   HIGHEST WIND DIRECTION    SW (210)
  HIGHEST GUST SPEED    MM   HIGHEST GUST DIRECTION    MM
  AVERAGE WIND SPEED     3.9


SKY COVER
  POSSIBLE SUNSHINE  MM
  AVERAGE SKY COVER 0.5


WEATHER CONDITIONS
 THE FOLLOWING WEATHER WAS RECORDED TODAY.
  NO SIGNIFICANT WEATHER WAS OBSERVED.


RELATIVE HUMIDITY (PERCENT)
 HIGHEST    86          1200 AM
 LOWEST     41           200 PM
 AVERAGE    64

..........................................................


THE LONG BEACH AIRPORT CA CLIMATE NORMALS FOR TOMORROW
                         NORMAL    RECORD    YEAR
 MAXIMUM TEMPERATURE (F)   73       101      2004
 MINIMUM TEMPERATURE (F)   55        45      1967
                                             1964
                                             1960


SUNRISE AND SUNSET
APRIL 25 2018.........SUNRISE   610 AM PDT   SUNSET   732 PM PDT
APRIL 26 2018.........SUNRISE   609 AM PDT   SUNSET   732 PM PDT


-  INDICATES NEGATIVE NUMBERS.
R  INDICATES RECORD WAS SET OR TIED.
MM INDICATES DATA IS MISSING.
T  INDICATES TRACE AMOUNT.




$$
