000
CDUS44 KLZK 260643
CLILIT


CLIMATE REPORT
NATIONAL WEATHER SERVICE LITTLE ROCK AR
141 AM CDT THU APR 26 2018


...................................

...THE LITTLE ROCK ADAMS FIELD CLIMATE SUMMARY FOR APRIL 25 2018...

CLIMATE NORMAL PERIOD 1981 TO 2010
CLIMATE RECORD PERIOD 1874 TO 2018


WEATHER ITEM   OBSERVED TIME   RECORD YEAR NORMAL DEPARTURE LAST
                VALUE   (LST)  VALUE       VALUE  FROM      YEAR
                                                  NORMAL
..................................................................
TEMPERATURE (F)
 YESTERDAY
  MAXIMUM         73   1049 AM  88    1961  76     -3       81
  MINIMUM         53   1159 PM  35    1910  54     -1       49
  AVERAGE         63                        65     -2       65

PRECIPITATION (IN)
  YESTERDAY        0.57          2.89 1879   0.18   0.39     0.00
  MONTH TO DATE    5.69                      4.25   1.44     3.28
  SINCE MAR 1      9.54                      8.93   0.61     7.15
  SINCE JAN 1     25.80                     16.14   9.66    12.15

SNOWFALL (IN)
  YESTERDAY        0.0          MM      MM   0.0    0.0      0.0
  MONTH TO DATE    T                         0.0    0.0      0.0
  SINCE MAR 1      T                         0.4   -0.4      0.0
  SINCE JUL 1      1.7                       3.5   -1.8      0.2
  SNOW DEPTH       0

DEGREE DAYS
 HEATING
  YESTERDAY        2                         3     -1        0
  MONTH TO DATE  254                       134    120       59
  SINCE MAR 1    542                       509     33      339
  SINCE JUL 1   3067                      3022     45     2253

 COOLING
  YESTERDAY        0                         3     -3        0
  MONTH TO DATE   12                        41    -29       60
  SINCE MAR 1     26                        55    -29       81
  SINCE JAN 1     35                        57    -22       93
..................................................................


WIND (MPH)
  HIGHEST WIND SPEED    22   HIGHEST WIND DIRECTION    NW (330)
  HIGHEST GUST SPEED    27   HIGHEST GUST DIRECTION     N (340)
  AVERAGE WIND SPEED     6.7


SKY COVER
  POSSIBLE SUNSHINE  MM
  AVERAGE SKY COVER 0.7


WEATHER CONDITIONS
 THE FOLLOWING WEATHER WAS RECORDED YESTERDAY.
  RAIN
  LIGHT RAIN
  FOG


RELATIVE HUMIDITY (PERCENT)
 HIGHEST   100          1200 AM
 LOWEST     57          1100 AM
 AVERAGE    79

..........................................................


THE LITTLE ROCK ADAMS FIELD CLIMATE NORMALS FOR TODAY
                         NORMAL    RECORD    YEAR
 MAXIMUM TEMPERATURE (F)   76        90      1987
 MINIMUM TEMPERATURE (F)   54        33      1910


SUNRISE AND SUNSET
APRIL 26 2018.........SUNRISE   624 AM CDT   SUNSET   750 PM CDT
APRIL 27 2018.........SUNRISE   623 AM CDT   SUNSET   751 PM CDT


-  INDICATES NEGATIVE NUMBERS.
R  INDICATES RECORD WAS SET OR TIED.
MM INDICATES DATA IS MISSING.
T  INDICATES TRACE AMOUNT.




$$
