000
CDUS45 KRIW 260728
CLILND


CLIMATE REPORT
NATIONAL WEATHER SERVICE RIVERTON WY
128 AM MDT THU APR 26 2018


...................................

...THE LANDER WY CLIMATE SUMMARY FOR APRIL 25 2018...

CLIMATE NORMAL PERIOD 1981 TO 2010
CLIMATE RECORD PERIOD 1891 TO 2018


WEATHER ITEM   OBSERVED TIME   RECORD YEAR NORMAL DEPARTURE LAST
                VALUE   (LST)  VALUE       VALUE  FROM      YEAR
                                                  NORMAL
..................................................................
TEMPERATURE (F)
 YESTERDAY
  MAXIMUM         68    439 PM  81    1946  59      9       45
  MINIMUM         23    536 AM  12    1907  34    -11       31
  AVERAGE         46                        47     -1       38

PRECIPITATION (IN)
  YESTERDAY        0.00          2.15 1971   0.06  -0.06     0.09
  MONTH TO DATE    0.32                      1.49  -1.17     1.78
  SINCE MAR 1      1.41                      2.65  -1.24     6.43
  SINCE JAN 1      3.03                      3.64  -0.61     8.81

SNOWFALL (IN)
  YESTERDAY        0.0                       0.5   -0.5       T
  MONTH TO DATE    2.6                      14.3  -11.7     10.7
  SINCE MAR 1     10.7                      30.4  -19.7     16.4
  SINCE JUL 1     57.9                      84.0  -26.1     77.4
  SNOW DEPTH       0

DEGREE DAYS
 HEATING
  YESTERDAY       19                        18      1       27
  MONTH TO DATE  564                       547     17      527
  SINCE MAR 1   1445                      1462    -17     1239
  SINCE JUL 1   6895                      7166   -271     6942

 COOLING
  YESTERDAY        0                         0      0        0
  MONTH TO DATE    0                         0      0        0
  SINCE MAR 1      0                         0      0        0
  SINCE JAN 1      0                         0      0        0
..................................................................


WIND (MPH)
  HIGHEST WIND SPEED    21   HIGHEST WIND DIRECTION     N (350)
  HIGHEST GUST SPEED    25   HIGHEST GUST DIRECTION    NW (310)
  AVERAGE WIND SPEED     5.5


SKY COVER
  POSSIBLE SUNSHINE  MM
  AVERAGE SKY COVER 0.0


WEATHER CONDITIONS
 THE FOLLOWING WEATHER WAS RECORDED YESTERDAY.
  NO SIGNIFICANT WEATHER WAS OBSERVED.


RELATIVE HUMIDITY (PERCENT)
 HIGHEST    69          1200 AM
 LOWEST     13           500 PM
 AVERAGE    41

..........................................................


THE LANDER WY CLIMATE NORMALS FOR TODAY
                         NORMAL    RECORD    YEAR
 MAXIMUM TEMPERATURE (F)   60        79      1910
 MINIMUM TEMPERATURE (F)   34        15      1924


SUNRISE AND SUNSET
APRIL 26 2018.........SUNRISE   616 AM MDT   SUNSET   810 PM MDT
APRIL 27 2018.........SUNRISE   615 AM MDT   SUNSET   811 PM MDT


-  INDICATES NEGATIVE NUMBERS.
R  INDICATES RECORD WAS SET OR TIED.
MM INDICATES DATA IS MISSING.
T  INDICATES TRACE AMOUNT.




$$
