000
CDUS41 KRNK 210617
CLILYH


CLIMATE REPORT
NATIONAL WEATHER SERVICE BLACKSBURG VA
215 AM EDT SAT APR 21 2018


...................................

...THE LYNCHBURG VA CLIMATE SUMMARY FOR APRIL 20 2018...

CLIMATE NORMAL PERIOD 1981 TO 2010
CLIMATE RECORD PERIOD 1893 TO 2018


WEATHER ITEM   OBSERVED TIME   RECORD YEAR NORMAL DEPARTURE LAST
                VALUE   (LST)  VALUE       VALUE  FROM      YEAR
                                                  NORMAL
..................................................................
TEMPERATURE (F)
 YESTERDAY
  MAXIMUM         65    528 PM  91    1985  70     -5       83
  MINIMUM         30R   534 AM  30    1997  44    -14       54
  AVERAGE         48                        57     -9       69

PRECIPITATION (IN)
  YESTERDAY        0.00          1.20 1901   0.10  -0.10     0.04
  MONTH TO DATE    1.84                      2.21  -0.37     1.17
  SINCE MAR 1      4.91                      5.79  -0.88     3.83
  SINCE JAN 1     13.57                     11.86   1.71     8.21

SNOWFALL (IN)
  YESTERDAY        0.0                                       0.0
  MONTH TO DATE    0.5                                       0.0
  SINCE MAR 1      8.2                                        T
  SINCE JUL 1     13.9                                       5.9
  SNOW DEPTH       0

DEGREE DAYS
 HEATING
  YESTERDAY       17                         9      8        0
  MONTH TO DATE  269                       227     42      112
  SINCE MAR 1    991                       822    169      651
  SINCE JUL 1   4219                      4246    -27     3360

 COOLING
  YESTERDAY        0                         1     -1        4
  MONTH TO DATE   11                         8      3       20
  SINCE MAR 1     11                        10      1       20
  SINCE JAN 1     11                        10      1       21
..................................................................


WIND (MPH)
  HIGHEST WIND SPEED    17   HIGHEST WIND DIRECTION    NE (30)
  HIGHEST GUST SPEED    23   HIGHEST GUST DIRECTION     N (20)
  AVERAGE WIND SPEED     3.7


SKY COVER
  AVERAGE SKY COVER 0.0


WEATHER CONDITIONS
 THE FOLLOWING WEATHER WAS RECORDED YESTERDAY.
  NO SIGNIFICANT WEATHER WAS OBSERVED.


RELATIVE HUMIDITY (PERCENT)
 HIGHEST    85           500 AM
 LOWEST     14           500 PM
 AVERAGE    50

..........................................................


THE LYNCHBURG VA CLIMATE NORMALS FOR TODAY
                         NORMAL    RECORD    YEAR
 MAXIMUM TEMPERATURE (F)   70        91      1985
                                             1957
 MINIMUM TEMPERATURE (F)   44        27      1983


SUNRISE AND SUNSET
APRIL 21 2018.........SUNRISE   634 AM EDT   SUNSET   757 PM EDT
APRIL 22 2018.........SUNRISE   633 AM EDT   SUNSET   758 PM EDT


-  INDICATES NEGATIVE NUMBERS.
R  INDICATES RECORD WAS SET OR TIED.
MM INDICATES DATA IS MISSING.
T  INDICATES TRACE AMOUNT.

$$
RCS
