922
CDUS44 KLZK 240639
CLILZK


CLIMATE REPORT
NATIONAL WEATHER SERVICE LITTLE ROCK AR
139 AM CDT TUE APR 24 2018


...................................

...THE NORTH LITTLE ROCK CLIMATE SUMMARY FOR APRIL 23 2018...

CLIMATE NORMAL PERIOD 1981 TO 2010
CLIMATE RECORD PERIOD 1975 TO 2018


WEATHER ITEM   OBSERVED TIME   RECORD YEAR NORMAL DEPARTURE LAST
                VALUE   (LST)  VALUE       VALUE  FROM      YEAR
                                                  NORMAL
..................................................................
TEMPERATURE (F)
 YESTERDAY
  MAXIMUM         62    535 PM  87    2009  75    -13       71
                                      1999
                                      1980
  MINIMUM         52   1200 AM  45    2012  55     -3       49
                                      1995
                                      1986
  AVERAGE         57                        65     -8       60

PRECIPITATION (IN)
  YESTERDAY        T             2.60 1979   0.17  -0.17     0.00
  MONTH TO DATE    4.90                      3.61   1.29     3.05
  SINCE MAR 1      8.06                      8.38  -0.32     6.52
  SINCE JAN 1     23.93                     15.46   8.47    11.80

SNOWFALL (IN)
  YESTERDAY        0.0          MM      MM   0.0    0.0      0.0
  MONTH TO DATE    T                         0.0    0.0      0.0
  SINCE MAR 1      T                         0.4   -0.4       T
  SINCE JUL 1      1.5                       4.4   -2.9      0.8
  SNOW DEPTH       0

DEGREE DAYS
 HEATING
  YESTERDAY        8                         3      5        5
  MONTH TO DATE  274                       120    154       53
  SINCE MAR 1    572                       480     92      324
  SINCE JUL 1   3019                      2966     53     2157

 COOLING
  YESTERDAY        0                         3     -3        0
  MONTH TO DATE    6                        45    -39       68
  SINCE MAR 1     18                        62    -44       95
  SINCE JAN 1     21                        64    -43      112
..................................................................


WIND (MPH)
  HIGHEST WIND SPEED     8   HIGHEST WIND DIRECTION    NW (320)
  HIGHEST GUST SPEED    16   HIGHEST GUST DIRECTION     W (270)
  AVERAGE WIND SPEED     4.5


SKY COVER
  POSSIBLE SUNSHINE  MM
  AVERAGE SKY COVER  MM


WEATHER CONDITIONS
 THE FOLLOWING WEATHER WAS RECORDED YESTERDAY.
  LIGHT RAIN


RELATIVE HUMIDITY (PERCENT)
 HIGHEST    MM
 LOWEST     MM
 AVERAGE    MM

..........................................................


THE NORTH LITTLE ROCK CLIMATE NORMALS FOR TODAY
                         NORMAL    RECORD    YEAR
 MAXIMUM TEMPERATURE (F)   75        86      2006
                                             2002
                                             1994
 MINIMUM TEMPERATURE (F)   55        40      2013
                                             2005


SUNRISE AND SUNSET
APRIL 24 2018.........SUNRISE   626 AM CDT   SUNSET   749 PM CDT
APRIL 25 2018.........SUNRISE   625 AM CDT   SUNSET   749 PM CDT


-  INDICATES NEGATIVE NUMBERS.
R  INDICATES RECORD WAS SET OR TIED.
MM INDICATES DATA IS MISSING.
T  INDICATES TRACE AMOUNT.




$$
