711
CDUS44 KMAF 242116
CLIMAF


CLIMATE REPORT
NATIONAL WEATHER SERVICE MIDLAND TX
416 PM CDT TUE APR 24 2018


...................................

...THE MIDLAND CLIMATE SUMMARY FOR APRIL 24 2018...
VALID TODAY AS OF 0400 PM LOCAL TIME.

CLIMATE NORMAL PERIOD 1981 TO 2010
CLIMATE RECORD PERIOD 1930 TO 2018


WEATHER ITEM   OBSERVED TIME   RECORD YEAR NORMAL DEPARTURE LAST
                VALUE   (LST)  VALUE       VALUE  FROM      YEAR
                                                  NORMAL
..................................................................
TEMPERATURE (F)
 TODAY
  MAXIMUM         95R   315 PM  95    2017  82     13       95
                                      2012
                                      1943
  MINIMUM         54    554 AM  33    2013  52      2       52
  AVERAGE         75                        67      8       74

PRECIPITATION (IN)
  TODAY            0.00          0.67 1980   0.02  -0.02     0.00
  MONTH TO DATE    0.00                      0.51  -0.51     2.48
  SINCE MAR 1      0.11                      1.11  -1.00     2.96
  SINCE JAN 1      0.16                      2.38  -2.22     4.80

SNOWFALL (IN)
  TODAY            0.0
  MONTH TO DATE    0.0
  SINCE MAR 1      0.0
  SINCE JUL 1      T
  SNOW DEPTH       0

DEGREE DAYS
 HEATING
  TODAY            0                         2     -2        0
  MONTH TO DATE   64                       101    -37       46
  SINCE MAR 1    213                       408   -195      162
  SINCE JUL 1   2144                      2645   -501     1662

 COOLING
  TODAY           10                         4      6        9
  MONTH TO DATE   70                        61      9      114
  SINCE MAR 1    138                        77     61      222
  SINCE JAN 1    145                        79     66      239
..................................................................


WIND (MPH)
  HIGHEST WIND SPEED    15   HIGHEST WIND DIRECTION     S (200)
  HIGHEST GUST SPEED    23   HIGHEST GUST DIRECTION     S (160)
  AVERAGE WIND SPEED     9.3


SKY COVER
  POSSIBLE SUNSHINE  MM
  AVERAGE SKY COVER 0.0


WEATHER CONDITIONS
 THE FOLLOWING WEATHER WAS RECORDED TODAY.
  NO SIGNIFICANT WEATHER WAS OBSERVED.


RELATIVE HUMIDITY (PERCENT)
 HIGHEST    59           600 AM
 LOWEST     13           300 PM
 AVERAGE    36

..........................................................


THE MIDLAND CLIMATE NORMALS FOR TOMORROW
                         NORMAL    RECORD    YEAR
 MAXIMUM TEMPERATURE (F)   82       104      2012
 MINIMUM TEMPERATURE (F)   53        39      1937


SUNRISE AND SUNSET
APRIL 24 2018.........SUNRISE   710 AM CDT   SUNSET   824 PM CDT
APRIL 25 2018.........SUNRISE   709 AM CDT   SUNSET   825 PM CDT


-  INDICATES NEGATIVE NUMBERS.
R  INDICATES RECORD WAS SET OR TIED.
MM INDICATES DATA IS MISSING.
T  INDICATES TRACE AMOUNT.




$$
