000
CDUS46 KHNX 260824
CLIMCE


CLIMATE REPORT
NATIONAL WEATHER SERVICE SAN JOAQUIN VALLEY, CA
124 AM PDT SAT MAY 26 2018


...................................

...THE MERCED  CA CLIMATE SUMMARY FOR MAY 25 2018...

CLIMATE NORMAL PERIOD 1981 TO 2010
CLIMATE RECORD PERIOD 1998 TO 2018


WEATHER ITEM   OBSERVED TIME   RECORD YEAR NORMAL DEPARTURE
                VALUE   (LST)  VALUE       VALUE  FROM
                                                  NORMAL
...............................................................
TEMPERATURE (F)
 YESTERDAY
  MAXIMUM         68        MM  98    2014  84    -16
  MINIMUM         58   1100 PM  46    2010  53      5
  AVERAGE         63                        69     -6

PRECIPITATION (IN)
  YESTERDAY        0.04          0.13 2010   0.01   0.03
  MONTH TO DATE    0.04                      0.53  -0.49
  SINCE OCT 1      6.95                     12.01  -5.06
  SINCE JAN 1      5.84                      8.50  -2.66

SNOWFALL (IN)
  YESTERDAY        0.0
  MONTH TO DATE    0.0
  SINCE MAR 1      0.0
  SINCE JUL 1      0.0
  SNOW DEPTH       0

DEGREE DAYS
 HEATING
  YESTERDAY        2
  MONTH TO DATE   10
  SINCE MAR 1    509
  SINCE JUL 1   2299

 COOLING
  YESTERDAY        0
  MONTH TO DATE   66
  SINCE MAR 1     85
  SINCE JAN 1     85
...............................................................


WIND (MPH)
  HIGHEST WIND SPEED    12   HIGHEST WIND DIRECTION     N (340)
  HIGHEST GUST SPEED    MM   HIGHEST GUST DIRECTION    MM
  AVERAGE WIND SPEED     5.0




RELATIVE HUMIDITY (PERCENT)
 HIGHEST    80
 LOWEST     52
 AVERAGE    66

..........................................................


THE MERCED  CA CLIMATE NORMALS FOR TODAY
                         NORMAL    RECORD    YEAR
 MAXIMUM TEMPERATURE (F)   85        97      2014
 MINIMUM TEMPERATURE (F)   54        48      2011


SUNRISE AND SUNSET
MAY 26 2018...........SUNRISE   546 AM PDT   SUNSET   813 PM PDT
MAY 27 2018...........SUNRISE   546 AM PDT   SUNSET   814 PM PDT


-  INDICATES NEGATIVE NUMBERS.
R  INDICATES RECORD WAS SET OR TIED.
MM INDICATES DATA IS MISSING.
T  INDICATES TRACE AMOUNT.




$$
