000
CDUS42 KFFC 220817
CLIMCN


CLIMATE REPORT
NATIONAL WEATHER SERVICE PEACHTREE CITY GA
417 AM EDT TUE MAY 22 2018


...................................

...THE MACON CLIMATE SUMMARY FOR MAY 21 2018...

CLIMATE NORMAL PERIOD 1981 TO 2010
CLIMATE RECORD PERIOD 1899 TO 2018


WEATHER ITEM   OBSERVED TIME   RECORD YEAR NORMAL DEPARTURE LAST
                VALUE   (LST)  VALUE       VALUE  FROM      YEAR
                                                  NORMAL
..................................................................
TEMPERATURE (F)
 YESTERDAY
  MAXIMUM         84    236 PM  97    1962  86     -2       86
                                      1898
  MINIMUM         66    414 AM  44    2002  61      5       71
  AVERAGE         75                        73      2       79

PRECIPITATION (IN)
  YESTERDAY        0.03          1.74 1942   0.09  -0.06     0.09
  MONTH TO DATE    2.30                      1.69   0.61     3.31
  SINCE MAR 1      9.94                      9.20   0.74     7.77
  SINCE JAN 1     15.57                     17.80  -2.23    20.97

DEGREE DAYS
 HEATING
  YESTERDAY        0                         0      0        0
  MONTH TO DATE    1                        11    -10       15
  SINCE MAR 1    425                       393     32      293
  SINCE JUL 1   2076                      2318   -242     1480

 COOLING
  YESTERDAY       10                         9      1       14
  MONTH TO DATE  189                       128     61      144
  SINCE MAR 1    233                       209     24      344
  SINCE JAN 1    284                       212     72      355
..................................................................


WIND (MPH)
  RESULTANT WIND SPEED   5   RESULTANT WIND DIRECTION   E (100)
  HIGHEST WIND SPEED    18   HIGHEST WIND DIRECTION     E (100)
  HIGHEST GUST SPEED    24   HIGHEST GUST DIRECTION    SE (120)
  AVERAGE WIND SPEED     6.1


SKY COVER
  AVERAGE SKY COVER 0.7


WEATHER CONDITIONS
 THE FOLLOWING WEATHER WAS RECORDED YESTERDAY.
  LIGHT RAIN
  FOG


RELATIVE HUMIDITY (PERCENT)
 HIGHEST   100           500 AM
 LOWEST     67           300 PM
 AVERAGE    84

..........................................................


THE MACON CLIMATE NORMALS FOR TODAY
                         NORMAL    RECORD    YEAR
 MAXIMUM TEMPERATURE (F)   86        97      1962
                                             1898
 MINIMUM TEMPERATURE (F)   61        43      1993


SUNRISE AND SUNSET
MAY 22 2018...........SUNRISE   632 AM EDT   SUNSET   831 PM EDT
MAY 23 2018...........SUNRISE   631 AM EDT   SUNSET   832 PM EDT


-  INDICATES NEGATIVE NUMBERS.
R  INDICATES RECORD WAS SET OR TIED.
MM INDICATES DATA IS MISSING.
T  INDICATES TRACE AMOUNT.




$$
