000
CDUS44 KBRO 252127
CLIMFE


CLIMATE REPORT
NATIONAL WEATHER SERVICE BROWNSVILLE TX
426 PM CDT WED APR 25 2018


...................................

...THE MCALLEN CLIMATE SUMMARY FOR APRIL 25 2018...
VALID TODAY AS OF 0400 PM LOCAL TIME.

CLIMATE NORMAL PERIOD 1981 TO 2010
CLIMATE RECORD PERIOD 1961 TO 2018


WEATHER ITEM   OBSERVED TIME   RECORD YEAR NORMAL DEPARTURE LAST
                VALUE   (LST)  VALUE       VALUE  FROM      YEAR
                                                  NORMAL
..................................................................
TEMPERATURE (F)
 TODAY
  MAXIMUM         94    143 PM  99    2017  88      6       99
                                      1961
  MINIMUM         72    633 AM  56    1968  68      4       70
  AVERAGE         83                        78      5       85

PRECIPITATION (IN)
  TODAY            0.00          3.24 1992   0.06  -0.06     0.00
  MONTH TO DATE    1.01                      1.04  -0.03     0.73
  SINCE MAR 1      1.12                      2.07  -0.95     3.25
  SINCE JAN 1      2.32                      4.23  -1.91     4.88

SNOWFALL (IN)
  TODAY            0.0
  MONTH TO DATE    0.0
  SINCE MAR 1      0.0
  SINCE JUL 1      0.3
  SNOW DEPTH       0

DEGREE DAYS
 HEATING
  TODAY            0                         0      0        0
  MONTH TO DATE    0                         3     -3        0
  SINCE MAR 1      0                        41    -41        1
  SINCE JUL 1    550                       574    -24      189

 COOLING
  TODAY           18                        13      5       20
  MONTH TO DATE  314                       286     28      379
  SINCE MAR 1    688                       504    184      740
  SINCE JAN 1    954                       663    291     1221
..................................................................


WIND (MPH)
  HIGHEST WIND SPEED    23   HIGHEST WIND DIRECTION    SE (150)
  HIGHEST GUST SPEED    32   HIGHEST GUST DIRECTION    SE (130)
  AVERAGE WIND SPEED    12.1



WEATHER CONDITIONS
 THE FOLLOWING WEATHER WAS RECORDED TODAY.
  NO SIGNIFICANT WEATHER WAS OBSERVED.


..........................................................


THE MCALLEN CLIMATE NORMALS FOR TOMORROW
                         NORMAL    RECORD    YEAR
 MAXIMUM TEMPERATURE (F)   88       107      1984
 MINIMUM TEMPERATURE (F)   68        58      2001


SUNRISE AND SUNSET
APRIL 25 2018.........SUNRISE   700 AM CDT   SUNSET   802 PM CDT
APRIL 26 2018.........SUNRISE   700 AM CDT   SUNSET   802 PM CDT


-  INDICATES NEGATIVE NUMBERS.
R  INDICATES RECORD WAS SET OR TIED.
MM INDICATES DATA IS MISSING.
T  INDICATES TRACE AMOUNT.




$$
