000
CDUS41 KPBZ 221222
CLIMGW


CLIMATE REPORT
NATIONAL WEATHER SERVICE PITTSBURGH PA
822 AM EDT SUN APR 22 2018


...................................

...THE MORGANTOWN WV CLIMATE SUMMARY FOR APRIL 22 2018...
VALID AS OF 0800 AM LOCAL TIME.

CLIMATE NORMAL PERIOD 1981 TO 2010
CLIMATE RECORD PERIOD 1872 TO 2018


WEATHER ITEM   OBSERVED TIME   RECORD YEAR NORMAL DEPARTURE LAST
                VALUE   (LST)  VALUE       VALUE  FROM      YEAR
                                                  NORMAL
..................................................................
TEMPERATURE (F)
 TODAY
  MAXIMUM         50    659 AM  88    1952
  MINIMUM         44    540 AM  20    1936  44      0       43

PRECIPITATION (IN)
  TODAY            0.00          1.08 2006   0.12  -0.12     0.06
  MONTH TO DATE    5.04                      2.57   2.47     4.50
  SINCE JUN 1     43.59                     36.27   7.32    46.09
  SINCE JAN 1     17.26                     11.63   5.63    16.68

DEGREE DAYS
 HEATING
  TODAY           18

 COOLING
  TODAY            0
..................................................................





WEATHER CONDITIONS
 THE FOLLOWING WEATHER WAS RECORDED TODAY.
  NO SIGNIFICANT WEATHER WAS OBSERVED.


RELATIVE HUMIDITY (PERCENT)
 HIGHEST    49           300 AM

..........................................................


THE MORGANTOWN WV CLIMATE NORMALS FOR TOMORROW
                         NORMAL    RECORD    YEAR
 MAXIMUM TEMPERATURE (F)   67        89      1960
                                             1878
 MINIMUM TEMPERATURE (F)   44        23      1936


SUNRISE AND SUNSET
APRIL 22 2018.........SUNRISE   632 AM EDT   SUNSET   805 PM EDT
APRIL 23 2018.........SUNRISE   631 AM EDT   SUNSET   806 PM EDT


-  INDICATES NEGATIVE NUMBERS.
R  INDICATES RECORD WAS SET OR TIED.
MM INDICATES DATA IS MISSING.
T  INDICATES TRACE AMOUNT.




$$
