000
CDUS43 KTOP 200632
CLIMHK


CLIMATE REPORT
NATIONAL WEATHER SERVICE TOPEKA KS
131 AM CDT SUN MAY 20 2018


...................................

...THE MANHATTAN KS CLIMATE SUMMARY FOR MAY 19 2018...

CLIMATE NORMAL PERIOD 1981 TO 2010
CLIMATE RECORD PERIOD 9999 TO 9999


WEATHER ITEM   OBSERVED NORMAL DEPARTURE LAST
                VALUE   VALUE  FROM      YEAR
                               NORMAL
...............................................
TEMPERATURE (F)
 YESTERDAY
  MAXIMUM         82     77      5       67
  MINIMUM         61     52      9       59
  AVERAGE         72     65      7       63

PRECIPITATION (IN)
  YESTERDAY        0.52   0.14   0.38     0.55
  MONTH TO DATE    1.70   2.42  -0.72     2.10
  SINCE MAR 1      2.32   7.42  -5.10    10.83
  SINCE JAN 1      2.90   9.14  -6.24    12.63

DEGREE DAYS
 HEATING
  YESTERDAY        0      3     -3        2
  MONTH TO DATE    0     98    -98       58
  SINCE MAR 1   1083   1119    -36      849
  SINCE JUL 1   4886   5279   -393     4133

 COOLING
  YESTERDAY        7      3      4        0
  MONTH TO DATE  138     35    103       70
  SINCE MAR 1    149     52     97      114
  SINCE JAN 1    149     52     97      114
...............................................


WIND (MPH)
  HIGHEST WIND SPEED    20   HIGHEST WIND DIRECTION     W (270)
  HIGHEST GUST SPEED    30   HIGHEST GUST DIRECTION     W (280)
  AVERAGE WIND SPEED     5.3


SKY COVER
  AVERAGE SKY COVER 0.6


WEATHER CONDITIONS
 THE FOLLOWING WEATHER WAS RECORDED YESTERDAY.
  THUNDERSTORM
  HEAVY RAIN
  RAIN
  LIGHT RAIN
  FOG


RELATIVE HUMIDITY (PERCENT)
 HIGHEST    93
 LOWEST     47
 AVERAGE    70

..........................................................


THE MANHATTAN KS CLIMATE NORMALS FOR TODAY
                         NORMAL
 MAXIMUM TEMPERATURE (F)   77
 MINIMUM TEMPERATURE (F)   53


SUNRISE AND SUNSET
MAY 20 2018...........SUNRISE   609 AM CDT   SUNSET   838 PM CDT
MAY 21 2018...........SUNRISE   609 AM CDT   SUNSET   838 PM CDT


-  INDICATES NEGATIVE NUMBERS.
R  INDICATES RECORD WAS SET OR TIED.
MM INDICATES DATA IS MISSING.
T  INDICATES TRACE AMOUNT.




$$
