000
CDUS42 KMFL 250822
CLIMIA


CLIMATE REPORT
NATIONAL WEATHER SERVICE MIAMI, FL
422 AM EDT FRI MAY 25 2018


...................................

...THE MIAMI CLIMATE SUMMARY FOR MAY 24 2018...

CLIMATE NORMAL PERIOD 1981 TO 2010
CLIMATE RECORD PERIOD 1895 TO 2018


WEATHER ITEM   OBSERVED TIME   RECORD YEAR NORMAL DEPARTURE LAST
                VALUE   (LST)  VALUE       VALUE  FROM      YEAR
                                                  NORMAL
..................................................................
TEMPERATURE (F)
 YESTERDAY
  MAXIMUM         86   1244 PM  94    2013  88     -2       92
                                      1989
  MINIMUM         76   1103 PM  60    1941  74      2       73
  AVERAGE         81                        81      0       83

PRECIPITATION (IN)
  YESTERDAY        T             6.37 1958   0.22  -0.22     0.47
  MONTH TO DATE    8.44                      3.62   4.82     2.50
  SINCE NOV 1     18.88                     18.94  -0.06    16.56
  SINCE JAN 1     13.81                     13.63   0.18    13.29

SNOWFALL (IN)
  YESTERDAY        0.0
  MONTH TO DATE    0.0
  SINCE MAR 1      0.0
  SINCE JUL 1      0.0
  SNOW DEPTH       0

DEGREE DAYS
 HEATING
  YESTERDAY        0                         0      0        0
  MONTH TO DATE    0                         0      0        0
  SINCE MAR 1      7                        12     -5        3
  SINCE JUL 1     85                       128    -43       17

 COOLING
  YESTERDAY       16                        16      0       18
  MONTH TO DATE  327                       348    -21      393
  SINCE MAR 1    890                       919    -29     1060
  SINCE JAN 1   1371                      1241    130     1554
..................................................................


WIND (MPH)
  HIGHEST WIND SPEED    17   HIGHEST WIND DIRECTION    SE (130)
  HIGHEST GUST SPEED    21   HIGHEST GUST DIRECTION    SE (120)
  AVERAGE WIND SPEED     9.6


SKY COVER
  POSSIBLE SUNSHINE  MM
  AVERAGE SKY COVER 1.0


WEATHER CONDITIONS
 THE FOLLOWING WEATHER WAS RECORDED YESTERDAY.
  LIGHT RAIN
  FOG


RELATIVE HUMIDITY (PERCENT)
 HIGHEST    94
 LOWEST     70
 AVERAGE    82

..........................................................


THE MIAMI CLIMATE NORMALS FOR TODAY
                         NORMAL    RECORD    YEAR
 MAXIMUM TEMPERATURE (F)   88        93      2005
                                             1996
                                             1989
 MINIMUM TEMPERATURE (F)   74        64      1928


SUNRISE AND SUNSET
MAY 25 2018...........SUNRISE   631 AM EDT   SUNSET   805 PM EDT
MAY 26 2018...........SUNRISE   631 AM EDT   SUNSET   806 PM EDT


-  INDICATES NEGATIVE NUMBERS.
R  INDICATES RECORD WAS SET OR TIED.
MM INDICATES DATA IS MISSING.
T  INDICATES TRACE AMOUNT.




$$
