000
CDUS43 KIND 230537
CLIMIE


CLIMATE REPORT
NATIONAL WEATHER SERVICE INDIANAPOLIS IN
136 AM EDT WED MAY 23 2018


...................................

...THE MUNCIE IN CLIMATE SUMMARY FOR MAY 22 2018...

CLIMATE NORMAL PERIOD 1981 TO 2010
CLIMATE RECORD PERIOD 9999 TO 9999


WEATHER ITEM   OBSERVED TIME   NORMAL DEPARTURE LAST
                VALUE   (LST)  VALUE  FROM      YEAR
                                      NORMAL
......................................................
TEMPERATURE (F)
 YESTERDAY
  MAXIMUM         85    305 PM  74     11       72
  MINIMUM         62   1159 PM  54      8       49
  AVERAGE         74            64     10       61

PRECIPITATION (IN)
  YESTERDAY        0.01          0.15  -0.14     0.00
  MONTH TO DATE    0.54          3.01  -2.47     2.91
  SINCE MAR 1      8.25          9.63  -1.38    13.21
  SINCE JAN 1     13.64         14.17  -0.53    18.92

DEGREE DAYS
 HEATING
  YESTERDAY        0             4     -4        4
  MONTH TO DATE    8           139   -131      148
  SINCE MAR 1   1405          1348     57     1067
  SINCE JUL 1   5355          5731   -376     4355

 COOLING
  YESTERDAY        9             3      6        0
  MONTH TO DATE  119            37     82       54
  SINCE MAR 1    128            52     76       88
  SINCE JAN 1    132            52     80       88
......................................................


WIND (MPH)
  HIGHEST WIND SPEED    23   HIGHEST WIND DIRECTION    NW (330)
  HIGHEST GUST SPEED    29   HIGHEST GUST DIRECTION    NW (320)
  AVERAGE WIND SPEED     9.7


SKY COVER
  AVERAGE SKY COVER 0.2


WEATHER CONDITIONS
 THE FOLLOWING WEATHER WAS RECORDED YESTERDAY.
  LIGHT RAIN
  FOG
  HAZE


RELATIVE HUMIDITY (PERCENT)
 HIGHEST    90           400 AM
 LOWEST     45           600 PM
 AVERAGE    68

..........................................................


THE MUNCIE IN CLIMATE NORMALS FOR TODAY
                         NORMAL
 MAXIMUM TEMPERATURE (F)   74
 MINIMUM TEMPERATURE (F)   54


SUNRISE AND SUNSET
MAY 23 2018...........SUNRISE   619 AM EDT   SUNSET   858 PM EDT
MAY 24 2018...........SUNRISE   618 AM EDT   SUNSET   859 PM EDT


-  INDICATES NEGATIVE NUMBERS.
R  INDICATES RECORD WAS SET OR TIED.
MM INDICATES DATA IS MISSING.
T  INDICATES TRACE AMOUNT.




$$
