000
CDUS43 KMKX 220650
CLIMKE


CLIMATE REPORT
NATIONAL WEATHER SERVICE IN MILWAUKEE
150 AM CDT SUN APR 22 2018


...................................

...THE MILWAUKEE WI CLIMATE SUMMARY FOR APRIL 21 2018...

CLIMATE NORMAL PERIOD 1981 TO 2010
CLIMATE RECORD PERIOD 1871 TO 2018


WEATHER ITEM   OBSERVED TIME   RECORD YEAR NORMAL DEPARTURE LAST
                VALUE   (LST)  VALUE       VALUE  FROM      YEAR
                                                  NORMAL
..................................................................
TEMPERATURE (F)
 YESTERDAY
  MAXIMUM         56   1222 PM  84    1985  56      0       54
                                      1902
  MINIMUM         31    340 AM  25    1975  39     -8       41
  AVERAGE         44                        48     -4       48

PRECIPITATION (IN)
  YESTERDAY        0.00          2.78 1973   0.12  -0.12     0.00
  MONTH TO DATE    2.92                      2.54   0.38     3.87
  SINCE MAR 1      3.58                      4.81  -1.23     7.59
  SINCE JAN 1      8.40                      8.22   0.18    11.60

SNOWFALL (IN)
  YESTERDAY        0.0           2.2  1927   0.1   -0.1      0.0
  MONTH TO DATE   10.0                       1.8    8.2      0.0
  SINCE MAR 1     14.0                       8.8    5.2     13.6
  SINCE JUL 1     46.7                      46.6    0.1     37.6
  SNOW DEPTH       T

DEGREE DAYS
 HEATING
  YESTERDAY       21                        18      3       17
  MONTH TO DATE  617                       445    172      295
  SINCE MAR 1   1541                      1374    167     1182
  SINCE JUL 1   6153                      6354   -201     5181

 COOLING
  YESTERDAY        0                         0      0        0
  MONTH TO DATE    0                         0      0        2
  SINCE MAR 1      0                         0      0        2
  SINCE JAN 1      0                         0      0        2
..................................................................


WIND (MPH)
  HIGHEST WIND SPEED     8   HIGHEST WIND DIRECTION    SE (120)
  HIGHEST GUST SPEED    11   HIGHEST GUST DIRECTION    NE (60)
  AVERAGE WIND SPEED     2.1


SKY COVER
  POSSIBLE SUNSHINE  MM
  AVERAGE SKY COVER 0.7


WEATHER CONDITIONS
 THE FOLLOWING WEATHER WAS RECORDED YESTERDAY.
  NO SIGNIFICANT WEATHER WAS OBSERVED.


RELATIVE HUMIDITY (PERCENT)
 HIGHEST    70           600 AM
 LOWEST     26          1200 PM
 AVERAGE    48

..........................................................


THE MILWAUKEE WI CLIMATE NORMALS FOR TODAY
                         NORMAL    RECORD    YEAR
 MAXIMUM TEMPERATURE (F)   56        91      1980
 MINIMUM TEMPERATURE (F)   40        26      1875


SUNRISE AND SUNSET
APRIL 22 2018.........SUNRISE   559 AM CDT   SUNSET   742 PM CDT
APRIL 23 2018.........SUNRISE   557 AM CDT   SUNSET   743 PM CDT


-  INDICATES NEGATIVE NUMBERS.
R  INDICATES RECORD WAS SET OR TIED.
MM INDICATES DATA IS MISSING.
T  INDICATES TRACE AMOUNT.




$$
