000
CDUS43 KGRR 220524
CLIMKG


CLIMATE REPORT
NATIONAL WEATHER SERVICE GRAND RAPIDS, MI
122 AM EDT TUE MAY 22 2018


...................................

...THE MUSKEGON MI CLIMATE SUMMARY FOR MAY 21 2018...

CLIMATE NORMAL PERIOD 1981 TO 2010
CLIMATE RECORD PERIOD 1896 TO 2018


WEATHER ITEM   OBSERVED TIME   RECORD YEAR NORMAL DEPARTURE LAST
                VALUE   (LST)  VALUE       VALUE  FROM      YEAR
                                                  NORMAL
..................................................................
TEMPERATURE (F)
 YESTERDAY
  MAXIMUM         59    957 AM  88    1977  68     -9       65
  MINIMUM         47   1250 AM  27    2002  48     -1       49
  AVERAGE         53                        58     -5       57

PRECIPITATION (IN)
  YESTERDAY        0.90          2.30 2004   0.11   0.79     0.35
  MONTH TO DATE    4.29                      2.21   2.08     1.34
  SINCE MAR 1      8.70                      7.37   1.33     8.62
  SINCE JAN 1     15.64                     11.23   4.41    14.32

SNOWFALL (IN)
  YESTERDAY        0.0           T    1963   0.0    0.0      0.0
  MONTH TO DATE    0.0                       0.0    0.0      0.0
  SINCE MAR 1     13.6                      11.3    2.3      4.5
  SINCE JUL 1    105.3                      93.7   11.6     49.0
  SNOW DEPTH       0

DEGREE DAYS
 HEATING
  YESTERDAY       12                         8      4        8
  MONTH TO DATE  124                       215    -91      240
  SINCE MAR 1   1870                      1701    169     1567
  SINCE JUL 1   6387                      6433    -46     5432

 COOLING
  YESTERDAY        0                         1     -1        0
  MONTH TO DATE    6                        13     -7       17
  SINCE MAR 1      6                        17    -11       22
  SINCE JAN 1      6                        17    -11       22
..................................................................


WIND (MPH)
  RESULTANT WIND SPEED   8   RESULTANT WIND DIRECTION   E (90)
  HIGHEST WIND SPEED    20   HIGHEST WIND DIRECTION     E (100)
  HIGHEST GUST SPEED    27   HIGHEST GUST DIRECTION     E (100)
  AVERAGE WIND SPEED     9.2


SKY COVER
  AVERAGE SKY COVER 0.8


WEATHER CONDITIONS
 THE FOLLOWING WEATHER WAS RECORDED YESTERDAY.
  RAIN
  LIGHT RAIN
  FOG


RELATIVE HUMIDITY (PERCENT)
 HIGHEST    89           200 AM
 LOWEST     77           900 AM
 AVERAGE    83

..........................................................


THE MUSKEGON MI CLIMATE NORMALS FOR TODAY
                         NORMAL    RECORD    YEAR
 MAXIMUM TEMPERATURE (F)   69        88      1977
 MINIMUM TEMPERATURE (F)   49        34      1979
                                             1971


SUNRISE AND SUNSET
MAY 22 2018...........SUNRISE   615 AM EDT   SUNSET   909 PM EDT
MAY 23 2018...........SUNRISE   614 AM EDT   SUNSET   910 PM EDT


-  INDICATES NEGATIVE NUMBERS.
R  INDICATES RECORD WAS SET OR TIED.
MM INDICATES DATA IS MISSING.
T  INDICATES TRACE AMOUNT.




$$
