000
CDUS44 KMEG 232225
CLIMKL


CLIMATE REPORT
NATIONAL WEATHER SERVICE MEMPHIS TN
524 PM CDT MON APR 23 2018


...................................

...THE JACKSON CLIMATE SUMMARY FOR APRIL 23 2018...
VALID TODAY AS OF 0500 PM LOCAL TIME.

CLIMATE NORMAL PERIOD 1981 TO 2010
CLIMATE RECORD PERIOD 1948 TO 2018


WEATHER ITEM   OBSERVED TIME   RECORD YEAR NORMAL DEPARTURE LAST
                VALUE   (LST)  VALUE       VALUE  FROM      YEAR
                                                  NORMAL
..................................................................
TEMPERATURE (F)
 TODAY
  MAXIMUM         64    127 PM  90    1988  74    -10       56
  MINIMUM         58    946 AM  32    1986  50      8       48
  AVERAGE         61                        62     -1       52

PRECIPITATION (IN)
  TODAY            0.12          2.10 1985   0.18  -0.06     0.63
  MONTH TO DATE    5.78                      3.67   2.11     4.57
  SINCE MAR 1     10.24                      8.42   1.82    12.24
  SINCE JAN 1     28.95                     16.66  12.29    17.07

DEGREE DAYS
 HEATING
  TODAY            4                         5     -1       13
  MONTH TO DATE  271                       170    101       69
  SINCE MAR 1    706                       614     92      428
  SINCE JUL 1   3449                      3498    -49     2468

 COOLING
  TODAY            0                         2     -2        0
  MONTH TO DATE   14                        32    -18       62
  SINCE MAR 1     15                        42    -27       75
  SINCE JAN 1     33                        43    -10       77
..................................................................


WIND (MPH)
  HIGHEST WIND SPEED    14   HIGHEST WIND DIRECTION     S (190)
  HIGHEST GUST SPEED    20   HIGHEST GUST DIRECTION     S (200)
  AVERAGE WIND SPEED     7.6


SKY COVER
  POSSIBLE SUNSHINE  MM
  AVERAGE SKY COVER 0.9


WEATHER CONDITIONS
 THE FOLLOWING WEATHER WAS RECORDED TODAY.
  RAIN
  LIGHT RAIN
  FOG


RELATIVE HUMIDITY (PERCENT)
 HIGHEST   100           100 AM
 LOWEST     73           100 PM
 AVERAGE    87

..........................................................


THE JACKSON CLIMATE NORMALS FOR TOMORROW
                         NORMAL    RECORD    YEAR
 MAXIMUM TEMPERATURE (F)   75        90      1965
 MINIMUM TEMPERATURE (F)   51        34      2013


SUNRISE AND SUNSET
APRIL 23 2018.........SUNRISE   613 AM CDT   SUNSET   736 PM CDT
APRIL 24 2018.........SUNRISE   612 AM CDT   SUNSET   736 PM CDT


-  INDICATES NEGATIVE NUMBERS.
R  INDICATES RECORD WAS SET OR TIED.
MM INDICATES DATA IS MISSING.
T  INDICATES TRACE AMOUNT.




$$
