000
CDUS46 KSTO 220840
CLIMOD


CLIMATE REPORT
NATIONAL WEATHER SERVICE SACRAMENTO, CA
140 AM PDT SUN APR 22 2018


...................................

...THE MODESTO CA CLIMATE SUMMARY FOR APRIL 21 2018...

CLIMATE NORMAL PERIOD 1981 TO 2010
CLIMATE RECORD PERIOD 1931 TO 2018


WEATHER ITEM   OBSERVED TIME   RECORD YEAR NORMAL DEPARTURE LAST
                VALUE   (LST)  VALUE       VALUE  FROM      YEAR
                                                  NORMAL
..................................................................
TEMPERATURE (F)
 YESTERDAY
  MAXIMUM         82    444 PM  98    2009  76      6       80
  MINIMUM         50    516 AM  33    1932  50      0       55
  AVERAGE         66

PRECIPITATION (IN)
  YESTERDAY        0.00          2.00 1955   0.03  -0.03     0.00
  MONTH TO DATE    2.22                      0.73   1.49     1.48
  SINCE OCT 1      8.00                     11.84  -3.84    16.78
  SINCE JAN 1      6.97                      7.76  -0.79    11.75

SNOWFALL (IN)
  YESTERDAY        0.0          MM      MM
  MONTH TO DATE    0.0
  SINCE MAR 1      0.0
  SINCE JUL 1      0.0
  SNOW DEPTH       0

DEGREE DAYS
 HEATING
  YESTERDAY        0                         4     -4        0
  MONTH TO DATE   89                       105    -16       81
  SINCE MAR 1    393                       342     51      261
  SINCE JUL 1   1971                      2110   -139     1777

 COOLING
  YESTERDAY        1                         2     -1        3
  MONTH TO DATE    5                        19    -14        4
  SINCE MAR 1      8                        24    -16       10
  SINCE JAN 1      8                        24    -16       10
..................................................................


WIND (MPH)
  RESULTANT WIND SPEED   2   RESULTANT WIND DIRECTION   N (350)
  HIGHEST WIND SPEED    12   HIGHEST WIND DIRECTION    NW (330)
  HIGHEST GUST SPEED    14   HIGHEST GUST DIRECTION     W (290)


SKY COVER
  POSSIBLE SUNSHINE  MM
  AVERAGE SKY COVER 0.0


WEATHER CONDITIONS
 THE FOLLOWING WEATHER WAS RECORDED YESTERDAY.
  FOG
  HAZE


RELATIVE HUMIDITY (PERCENT)
 HIGHEST    86           500 AM
 LOWEST     30           100 PM
 AVERAGE    58

..........................................................


THE MODESTO CA CLIMATE NORMALS FOR TODAY
                         NORMAL    RECORD    YEAR
 MAXIMUM TEMPERATURE (F)   76        99      2009
 MINIMUM TEMPERATURE (F)   50        35      1932


SUNRISE AND SUNSET
APRIL 22 2018.........SUNRISE   619 AM PDT   SUNSET   746 PM PDT
APRIL 23 2018.........SUNRISE   618 AM PDT   SUNSET   747 PM PDT


-  INDICATES NEGATIVE NUMBERS.
R  INDICATES RECORD WAS SET OR TIED.
MM INDICATES DATA IS MISSING.
T  INDICATES TRACE AMOUNT.




$$
