000
CDUS41 KLWX 210537
CLIMRB


CLIMATE REPORT
NATIONAL WEATHER SERVICE BALTIMORE MD/WASHINGTON DC
129 AM EDT SAT APR 21 2018


...................................

...THE MARTINSBURG WV CLIMATE SUMMARY FOR APRIL 20 2018...

CLIMATE NORMAL PERIOD 1981 TO 2010
CLIMATE RECORD PERIOD 1926 TO 2018


WEATHER ITEM   OBSERVED TIME   NORMAL DEPARTURE LAST
                VALUE   (LST)  VALUE  FROM      YEAR
                                      NORMAL
......................................................
TEMPERATURE (F)
 YESTERDAY
  MAXIMUM         59    449 PM  66     -7       82
  MINIMUM         34    503 AM  42     -8       50
  AVERAGE         47            54     -7       66

PRECIPITATION (IN)
  YESTERDAY        0.00          0.11  -0.11     0.21
  MONTH TO DATE    2.84          2.20   0.64     1.50
  SINCE MAR 1      4.53          5.72  -1.19     4.28
  SINCE JAN 1     10.72         10.50   0.22     8.66

DEGREE DAYS
 HEATING
  YESTERDAY       18            11      7        0
  MONTH TO DATE  348           286     62      155
  SINCE MAR 1   1172          1000    172      837
  SINCE JUL 1   4737          4956   -219     3915

 COOLING
  YESTERDAY        0             0      0        1
  MONTH TO DATE   16             0     16       18
  SINCE MAR 1     16             1     15       21
  SINCE JAN 1     21             1     20       21
......................................................


WIND (MPH)
  HIGHEST WIND SPEED    25   HIGHEST WIND DIRECTION    NW (320)
  HIGHEST GUST SPEED    31   HIGHEST GUST DIRECTION    NW (330)
  AVERAGE WIND SPEED    11.6


SKY COVER
  POSSIBLE SUNSHINE  MM
  AVERAGE SKY COVER 0.0


WEATHER CONDITIONS
 THE FOLLOWING WEATHER WAS RECORDED YESTERDAY.
  NO SIGNIFICANT WEATHER WAS OBSERVED.


RELATIVE HUMIDITY (PERCENT)
 HIGHEST    59           200 AM
 LOWEST     26           100 PM
 AVERAGE    43

..........................................................


THE MARTINSBURG WV CLIMATE NORMALS FOR TODAY
                         NORMAL
 MAXIMUM TEMPERATURE (F)   66
 MINIMUM TEMPERATURE (F)   42


SUNRISE AND SUNSET
APRIL 21 2018.........SUNRISE   626 AM EDT   SUNSET   756 PM EDT
APRIL 22 2018.........SUNRISE   625 AM EDT   SUNSET   757 PM EDT


-  INDICATES NEGATIVE NUMBERS.
R  INDICATES RECORD WAS SET OR TIED.
MM INDICATES DATA IS MISSING.
T  INDICATES TRACE AMOUNT.




$$
