000
CDUS45 KMSO 270737
CLIMSO


CLIMATE REPORT
NATIONAL WEATHER SERVICE MISSOULA, MT
137 AM MDT SUN MAY 27 2018


...................................

...THE MISSOULA MT CLIMATE SUMMARY FOR MAY 26 2018...

CLIMATE NORMAL PERIOD 1981 TO 2010
CLIMATE RECORD PERIOD 1893 TO 2018


WEATHER ITEM   OBSERVED TIME   RECORD YEAR NORMAL DEPARTURE LAST
                VALUE   (LST)  VALUE       VALUE  FROM      YEAR
                                                  NORMAL
..................................................................
TEMPERATURE (F)
 YESTERDAY
  MAXIMUM         74    414 PM  93    1986  70      4       69
  MINIMUM         52    531 AM  26    1893  43      9       41
  AVERAGE         63                        56      7       55

PRECIPITATION (IN)
  YESTERDAY        0.18          0.99 1998   0.08   0.10      T
  MONTH TO DATE    1.55                      1.58  -0.03     1.33
  SINCE OCT 1     10.85                      8.28   2.57    12.63
  SINCE JAN 1      7.03                      5.35   1.68     7.97

SNOWFALL (IN)
  YESTERDAY        0.0
  MONTH TO DATE    0.0
  SINCE JAN 1     25.9
  SINCE JUL 1     53.2
  SNOW DEPTH       0

DEGREE DAYS
 HEATING
  YESTERDAY        2                         9     -7       10
  MONTH TO DATE  183                       317   -134      324
  SINCE MAR 1   1690                      1711    -21     1696
  SINCE JUL 1   7087                      7080      7     7472

 COOLING
  YESTERDAY        0                         0      0        0
  MONTH TO DATE    1                         0      1        0
  SINCE MAR 1      1                         0      1        0
  SINCE JAN 1      1                         0      1        0
..................................................................


WIND (MPH)
  HIGHEST WIND SPEED    18   HIGHEST WIND DIRECTION    NW (310)
  HIGHEST GUST SPEED    25   HIGHEST GUST DIRECTION    NW (300)
  AVERAGE WIND SPEED     6.8


SKY COVER
  POSSIBLE SUNSHINE  MM
  AVERAGE SKY COVER 0.5


WEATHER CONDITIONS
 THE FOLLOWING WEATHER WAS RECORDED YESTERDAY.
  THUNDERSTORM
  RAIN
  LIGHT RAIN
  FOG
  FOG W/VISIBILITY <= 1/4 MILE


RELATIVE HUMIDITY (PERCENT)
 HIGHEST    96           500 AM
 LOWEST     46           300 PM
 AVERAGE    71

..........................................................


THE MISSOULA MT CLIMATE NORMALS FOR TODAY
                         NORMAL    RECORD    YEAR
 MAXIMUM TEMPERATURE (F)   70        92      1986
                                             1934
 MINIMUM TEMPERATURE (F)   43        28      1973
                                             1918


SUNRISE AND SUNSET
MAY 27 2018...........SUNRISE   549 AM MDT   SUNSET   919 PM MDT
MAY 28 2018...........SUNRISE   548 AM MDT   SUNSET   920 PM MDT


-  INDICATES NEGATIVE NUMBERS.
R  INDICATES RECORD WAS SET OR TIED.
MM INDICATES DATA IS MISSING.
T  INDICATES TRACE AMOUNT.




$$
