000
CDUS45 KPSR 220030 RRA
CLINYL

CDUS45 KPSR DDHHMM
CLINYL

CLIMATE REPORT
NATIONAL WEATHER SERVICE PHOENIX AZ
528 PM MST MON MAY 21 2018


...................................

...THE YUMA AZ CLIMATE SUMMARY FOR MAY 21 2018...
VALID TODAY AS OF 0500 PM LOCAL TIME.

CLIMATE NORMAL PERIOD 1981 TO 2010
CLIMATE RECORD PERIOD 1876 TO 2018


WEATHER ITEM   OBSERVED TIME   RECORD YEAR NORMAL DEPARTURE LAST
                VALUE   (LST)  VALUE       VALUE  FROM      YEAR
                                                  NORMAL
..................................................................
TEMPERATURE (F)
 TODAY
  MAXIMUM         93    431 PM 108    2012  97     -4      103
                                      2005
                                      1892
  MINIMUM         69    708 AM  50    1975  68      1       69
  AVERAGE         81                        83     -2       86

PRECIPITATION (IN)
  TODAY            0.00          0.02 2009   0.00   0.00     0.00
                                      1882
  MONTH TO DATE    0.00                      0.06  -0.06     0.14
  SINCE OCT 1      0.25                      2.24  -1.99     2.65
  SINCE JAN 1      0.18                      1.30  -1.12     1.70

DEGREE DAYS
 HEATING
  TODAY            0                         0      0        0
  MONTH TO DATE    0                         0      0        0
  SINCE MAR 1     47                        63    -16       13
  SINCE JUL 1    406                       686   -280      526

 COOLING
  TODAY           16                        18     -2       21
  MONTH TO DATE  308                       316     -8      252
  SINCE MAR 1    752                       686     66      815
  SINCE JAN 1    804                       722     82      856
..................................................................


WIND (MPH)
  HIGHEST WIND SPEED    16   HIGHEST WIND DIRECTION    SE (150)
  HIGHEST GUST SPEED    19   HIGHEST GUST DIRECTION    SE (150)
  AVERAGE WIND SPEED     7.4


SKY COVER
  AVERAGE SKY COVER 0.1


WEATHER CONDITIONS
 THE FOLLOWING WEATHER WAS RECORDED TODAY.
  NO SIGNIFICANT WEATHER WAS OBSERVED.


RELATIVE HUMIDITY (PERCENT)
 HIGHEST    66
 LOWEST     19
 AVERAGE    43

..........................................................


THE YUMA AZ CLIMATE NORMALS FOR TOMORROW
                         NORMAL    RECORD    YEAR
 MAXIMUM TEMPERATURE (F)   97       110      2005
 MINIMUM TEMPERATURE (F)   69        51      1902


SUNRISE AND SUNSET
MAY 21 2018...........SUNRISE   536 AM MST   SUNSET   734 PM MST
MAY 22 2018...........SUNRISE   536 AM MST   SUNSET   735 PM MST


-  INDICATES NEGATIVE NUMBERS.
R  INDICATES RECORD WAS SET OR TIED.
MM INDICATES DATA IS MISSING.
T  INDICATES TRACE AMOUNT.

$$
