000
CDUS43 KEAX 240639
CLIOJC


CLIMATE REPORT
NATIONAL WEATHER SERVICE KANSAS CITY/PLEASANT HILL MO
138 AM CDT THU MAY 24 2018


...................................

...THE JOHNSON COUNTY EXECUTIVE KS CLIMATE SUMMARY FOR MAY 23 2018...

CLIMATE NORMAL PERIOD 1981 TO 2010
CLIMATE RECORD PERIOD 9999 TO 9999


WEATHER ITEM   OBSERVED TIME   NORMAL DEPARTURE LAST
                VALUE   (LST)  VALUE  FROM      YEAR
                                      NORMAL
......................................................
TEMPERATURE (F)
 YESTERDAY
  MAXIMUM         87    152 PM  77     10       68
  MINIMUM         65    546 AM  57      8       50
  AVERAGE         76            67      9       59

PRECIPITATION (IN)
  YESTERDAY        0.00          0.17  -0.17     0.06
  MONTH TO DATE    1.94          4.10  -2.16     3.14
  SINCE MAR 1      6.09         10.72  -4.63    11.25
  SINCE JAN 1      7.50         13.41  -5.91    12.17

DEGREE DAYS
 HEATING
  YESTERDAY        0             2     -2        6
  MONTH TO DATE    0            83    -83       86
  SINCE MAR 1   1175          1021    154      864
  SINCE JUL 1   5063          4914    149     4004

 COOLING
  YESTERDAY       11             4      7        0
  MONTH TO DATE  149            48    101       50
  SINCE MAR 1    155            66     89       76
  SINCE JAN 1    155            66     89       76
......................................................


WIND (MPH)
  HIGHEST WIND SPEED    24   HIGHEST WIND DIRECTION     S (160)
  HIGHEST GUST SPEED    31   HIGHEST GUST DIRECTION    SE (150)
  AVERAGE WIND SPEED     7.1


SKY COVER
  AVERAGE SKY COVER 0.0


WEATHER CONDITIONS
 THE FOLLOWING WEATHER WAS RECORDED YESTERDAY.
  NO SIGNIFICANT WEATHER WAS OBSERVED.


RELATIVE HUMIDITY (PERCENT)
 HIGHEST    93           200 AM
 LOWEST     48           200 PM
 AVERAGE    71

..........................................................


THE JOHNSON COUNTY EXECUTIVE KS CLIMATE NORMALS FOR TODAY
                         NORMAL
 MAXIMUM TEMPERATURE (F)   77
 MINIMUM TEMPERATURE (F)   58


SUNRISE AND SUNSET
MAY 24 2018...........SUNRISE   600 AM CDT   SUNSET   832 PM CDT
MAY 25 2018...........SUNRISE   559 AM CDT   SUNSET   833 PM CDT


-  INDICATES NEGATIVE NUMBERS.
R  INDICATES RECORD WAS SET OR TIED.
MM INDICATES DATA IS MISSING.
T  INDICATES TRACE AMOUNT.




$$
