614
CDUS41 KAKQ 222127
CLIORF


CLIMATE REPORT
NATIONAL WEATHER SERVICE WAKEFIELD, VA
526 PM EDT SUN APR 22 2018


...................................

...THE NORFOLK VA CLIMATE SUMMARY FOR APRIL 22 2018...
VALID TODAY AS OF 0500 PM LOCAL TIME.

CLIMATE NORMAL PERIOD 1981 TO 2010
CLIMATE RECORD PERIOD 1871 TO 2018


WEATHER ITEM   OBSERVED TIME   RECORD YEAR NORMAL DEPARTURE LAST
                VALUE   (LST)  VALUE       VALUE  FROM      YEAR
                                                  NORMAL
..................................................................
TEMPERATURE (F)
 TODAY
  MAXIMUM         64    224 PM  94    1985  70     -6       80
  MINIMUM         44    423 AM  34    1981  51     -7       56
  AVERAGE         54

PRECIPITATION (IN)
  TODAY            0.00          2.24 2012   0.12  -0.12     0.38
  MONTH TO DATE    1.81                      2.52  -0.71     1.58
  SINCE MAR 1      5.69                      6.20  -0.51     6.19
  SINCE JAN 1     10.93                     12.72  -1.79    11.26

SNOWFALL (IN)
  TODAY            0.0
  MONTH TO DATE    0.0
  SINCE NOV 1     15.1
  SINCE JUL 1     15.1
  SNOW DEPTH       0

DEGREE DAYS
 HEATING
  TODAY           11                         6      5        0
  MONTH TO DATE  209                       195     14       79
  SINCE MAR 1    795                       687    108      551
  SINCE JUL 1   3149                      3256   -107     2603

 COOLING
  TODAY            0                         2     -2        3
  MONTH TO DATE   21                        24     -3       78
  SINCE MAR 1     28                        30     -2       94
  SINCE JAN 1     43                        31     12       97
..................................................................


WIND (MPH)
  RESULTANT WIND SPEED   4   RESULTANT WIND DIRECTION   E (110)
  HIGHEST WIND SPEED    15   HIGHEST WIND DIRECTION     E (80)
  HIGHEST GUST SPEED    25   HIGHEST GUST DIRECTION     E (110)


SKY COVER
  POSSIBLE SUNSHINE  MM
  AVERAGE SKY COVER 0.0


WEATHER CONDITIONS
 THE FOLLOWING WEATHER WAS RECORDED TODAY.
  NO SIGNIFICANT WEATHER WAS OBSERVED.


RELATIVE HUMIDITY (PERCENT)
 HIGHEST    76
 LOWEST     30
 AVERAGE    53

..........................................................


THE NORFOLK VA CLIMATE NORMALS FOR TOMORROW
                         NORMAL    RECORD    YEAR
 MAXIMUM TEMPERATURE (F)   70        92      1960
 MINIMUM TEMPERATURE (F)   51        38      1875


SUNRISE AND SUNSET
APRIL 22 2018.........SUNRISE   621 AM EDT   SUNSET   746 PM EDT
APRIL 23 2018.........SUNRISE   620 AM EDT   SUNSET   747 PM EDT


-  INDICATES NEGATIVE NUMBERS.
R  INDICATES RECORD WAS SET OR TIED.
MM INDICATES DATA IS MISSING.
T  INDICATES TRACE AMOUNT.




$$
