000
CDUS43 KDDC 230706
CLIP28


CLIMATE REPORT
NATIONAL WEATHER SERVICE DODGE CITY KS
205 AM CDT WED MAY 23 2018


...................................

...THE MEDICINE LODGE KS CLIMATE SUMMARY FOR MAY 22 2018...

CLIMATE NORMAL PERIOD 1981 TO 2010
CLIMATE RECORD PERIOD 1893 TO 2018


WEATHER ITEM   OBSERVED TIME   RECORD YEAR NORMAL DEPARTURE LAST
                VALUE   (LST)  VALUE       VALUE  FROM      YEAR
                                                  NORMAL
..................................................................
TEMPERATURE (F)
 YESTERDAY
  MAXIMUM         90    311 PM 103    1948  81      9       71
  MINIMUM         59    532 AM  35    1931  57      2       53
  AVERAGE         75                        69      6       62

PRECIPITATION (IN)
  YESTERDAY        0.00          2.17 1896   0.12  -0.12     0.04
  MONTH TO DATE    3.38                      2.22   1.16     4.93
  SINCE MAR 1      5.79                      6.91  -1.12    11.38
  SINCE JAN 1      6.17                      8.66  -2.49    15.30

SNOWFALL (IN)
  YESTERDAY        0.0          MM      MM   0.0             0.0
  MONTH TO DATE    0.0                       0.0             0.0
  SINCE MAR 1      0.0                       0.1             0.0
  SINCE JUL 1      T                         8.5             1.4
  SNOW DEPTH       0

DEGREE DAYS
 HEATING
  YESTERDAY        0                         1     -1        3
  MONTH TO DATE    3                        64    -61       22
  SINCE MAR 1    934                       920     14      695
  SINCE JUL 1   4313                      4449   -136     3696

 COOLING
  YESTERDAY       10                         5      5        0
  MONTH TO DATE  190                        73    117       12
  SINCE MAR 1    219                        97    122       52
  SINCE JAN 1    219                        97    122       52
..................................................................


WIND (MPH)
  HIGHEST WIND SPEED    15   HIGHEST WIND DIRECTION    SE (150)
  HIGHEST GUST SPEED    25   HIGHEST GUST DIRECTION    SE (140)
  AVERAGE WIND SPEED     8.1




RELATIVE HUMIDITY (PERCENT)
 HIGHEST    93           500 AM
 LOWEST     39           400 PM
 AVERAGE    66

..........................................................


THE MEDICINE LODGE KS CLIMATE NORMALS FOR TODAY
                         NORMAL    RECORD    YEAR
 MAXIMUM TEMPERATURE (F)   82       102      1939
 MINIMUM TEMPERATURE (F)   58        38      1917


SUNRISE AND SUNSET
MAY 23 2018...........SUNRISE   620 AM CDT   SUNSET   843 PM CDT
MAY 24 2018...........SUNRISE   619 AM CDT   SUNSET   844 PM CDT


-  INDICATES NEGATIVE NUMBERS.
R  INDICATES RECORD WAS SET OR TIED.
MM INDICATES DATA IS MISSING.
T  INDICATES TRACE AMOUNT.




$$
