000
CDUS42 KMFL 251139
CLIPBI


CLIMATE REPORT
NATIONAL WEATHER SERVICE MIAMI, FL
738 AM EDT WED APR 25 2018


...................................

...THE WEST PALM BEACH CLIMATE SUMMARY FOR APRIL 24 2018...

CLIMATE NORMAL PERIOD 1981 TO 2010
CLIMATE RECORD PERIOD 1888 TO 2018


WEATHER ITEM   OBSERVED TIME   RECORD YEAR NORMAL DEPARTURE LAST
                VALUE   (LST)  VALUE       VALUE  FROM      YEAR
                                                  NORMAL
..................................................................
TEMPERATURE (F)
 YESTERDAY
  MAXIMUM         87    106 PM  95    1988  83      4       86
  MINIMUM         70    750 PM  53    2012  67      3       67
  AVERAGE         79                        75      4       77

PRECIPITATION (IN)
  YESTERDAY        1.46          3.63 1982   0.11   1.35     0.00
  MONTH TO DATE    6.37                      3.05   3.32     3.61
  SINCE NOV 1     15.21                     21.72  -6.51    13.14
  SINCE JAN 1     11.77                     13.59  -1.82     8.67

SNOWFALL (IN)
  YESTERDAY        0.0
  MONTH TO DATE    0.0
  SINCE MAR 1      0.0
  SINCE JUL 1      0.0
  SNOW DEPTH       0

DEGREE DAYS
 HEATING
  YESTERDAY        0                         0      0        0
  MONTH TO DATE    0                         0      0        0
  SINCE MAR 1     39                        24     15       16
  SINCE JUL 1    179                       229    -50       68

 COOLING
  YESTERDAY       14                        10      4       12
  MONTH TO DATE  242                       203     39      261
  SINCE MAR 1    375                       396    -21      455
  SINCE JAN 1    781                       631    150      795
..................................................................


WIND (MPH)
  HIGHEST WIND SPEED    22   HIGHEST WIND DIRECTION    SW (240)
  HIGHEST GUST SPEED    31   HIGHEST GUST DIRECTION    SW (230)
  AVERAGE WIND SPEED     9.1


SKY COVER
  AVERAGE SKY COVER 0.6


WEATHER CONDITIONS
 THE FOLLOWING WEATHER WAS RECORDED YESTERDAY.
  THUNDERSTORM
  HEAVY RAIN
  LIGHT RAIN
  FOG


RELATIVE HUMIDITY (PERCENT)
 HIGHEST   100
 LOWEST     65
 AVERAGE    83

..........................................................


THE WEST PALM BEACH CLIMATE NORMALS FOR TODAY
                         NORMAL    RECORD    YEAR
 MAXIMUM TEMPERATURE (F)   83        97      1971
 MINIMUM TEMPERATURE (F)   67        50      2005


SUNRISE AND SUNSET
APRIL 25 2018.........SUNRISE   647 AM EDT   SUNSET   750 PM EDT
APRIL 26 2018.........SUNRISE   647 AM EDT   SUNSET   750 PM EDT


-  INDICATES NEGATIVE NUMBERS.
R  INDICATES RECORD WAS SET OR TIED.
MM INDICATES DATA IS MISSING.
T  INDICATES TRACE AMOUNT.




$$
