000
CDUS41 KPBZ 200703
CLIPHD


CLIMATE REPORT
NATIONAL WEATHER SERVICE PITTSBURGH PA
302 AM EDT FRI APR 20 2018


...................................

...THE NEW PHILADELPHIA OH CLIMATE SUMMARY FOR APRIL 19 2018...

CLIMATE NORMAL PERIOD 1981 TO 2010
CLIMATE RECORD PERIOD 1948 TO 2018


WEATHER ITEM   OBSERVED TIME   RECORD YEAR NORMAL DEPARTURE LAST
                VALUE   (LST)  VALUE       VALUE  FROM      YEAR
                                                  NORMAL
..................................................................
TEMPERATURE (F)
 YESTERDAY
  MAXIMUM         49    606 PM  88    1976  65    -16       77
  MINIMUM         33            22    1983  40     -7       60
  AVERAGE         41                        52    -11       69

PRECIPITATION (IN)
  YESTERDAY        0.05          0.83 2011   0.11  -0.06     0.67
  MONTH TO DATE    4.14                      2.12   2.02     2.51
  SINCE JUN 1     34.54                     33.42   1.12    33.76
  SINCE JAN 1     14.02                     10.12   3.90    13.18

DEGREE DAYS
 HEATING
  YESTERDAY       24                        13     11        0
  MONTH TO DATE  399                       304     95      208
  SINCE MAR 1   1299                      1083    216      961
  SINCE JUL 1   5389                      5290     99     4458

 COOLING
  YESTERDAY        0                         0      0        4
  MONTH TO DATE    8                         0      8       11
  SINCE MAR 1      8                         1      7       11
  SINCE JAN 1     13                         1     12       11
..................................................................


WIND (MPH)
  HIGHEST WIND SPEED    22   HIGHEST WIND DIRECTION    NW (320)
  HIGHEST GUST SPEED    29   HIGHEST GUST DIRECTION    NW (330)
  AVERAGE WIND SPEED     9.7


SKY COVER
  POSSIBLE SUNSHINE  MM
  AVERAGE SKY COVER 0.6


WEATHER CONDITIONS
 THE FOLLOWING WEATHER WAS RECORDED YESTERDAY.
  LIGHT SNOW
  FOG


RELATIVE HUMIDITY (PERCENT)
 HIGHEST    92           100 AM
 LOWEST     42           500 PM
 AVERAGE    67

..........................................................


THE NEW PHILADELPHIA OH CLIMATE NORMALS FOR TODAY
                         NORMAL    RECORD    YEAR
 MAXIMUM TEMPERATURE (F)   65        84      1985
                                             1976
 MINIMUM TEMPERATURE (F)   40        24      1997
                                             1988


SUNRISE AND SUNSET
APRIL 20 2018.........SUNRISE   640 AM EDT   SUNSET   810 PM EDT
APRIL 21 2018.........SUNRISE   638 AM EDT   SUNSET   811 PM EDT


-  INDICATES NEGATIVE NUMBERS.
R  INDICATES RECORD WAS SET OR TIED.
MM INDICATES DATA IS MISSING.
T  INDICATES TRACE AMOUNT.




$$
