000
CDUS41 KPHI 270553
CLIPHL


CLIMATE REPORT
NATIONAL WEATHER SERVICE MOUNT HOLLY NJ
153 AM EDT FRI APR 27 2018


...................................

...THE PHILADELPHIA PA CLIMATE SUMMARY FOR APRIL 26 2018...

CLIMATE NORMAL PERIOD 1981 TO 2010
CLIMATE RECORD PERIOD 1872 TO 2018


WEATHER ITEM   OBSERVED TIME   RECORD YEAR NORMAL DEPARTURE LAST
                VALUE   (LST)  VALUE       VALUE  FROM      YEAR
                                                  NORMAL
..................................................................
TEMPERATURE (F)
 YESTERDAY
  MAXIMUM         67    452 PM  93    2009  68     -1       65
  MINIMUM         51    650 AM  35    1967  48      3       56
                                      1919
  AVERAGE         59                        58      1       61

PRECIPITATION (IN)
  YESTERDAY        0.00          2.42 1977   0.11  -0.11     0.04
  MONTH TO DATE    3.40                      3.11   0.29     3.11
  SINCE MAR 1      8.14                      6.90   1.24     7.37
  SINCE JAN 1     17.01                     12.58   4.43    11.58

SNOWFALL (IN)
  YESTERDAY        0.0           0.0    MM   0.0    0.0      0.0
  MONTH TO DATE    T                         0.5   -0.5      0.0
  SINCE MAR 1     15.2                       3.4   11.8      7.0
  SINCE JUL 1     29.8                      22.4    7.4     15.0
  SNOW DEPTH       0

DEGREE DAYS
 HEATING
  YESTERDAY        6                         8     -2        4
  MONTH TO DATE  399                       314     85      199
  SINCE MAR 1   1162                       979    183      902
  SINCE JUL 1   4322                      4461   -139     3728

 COOLING
  YESTERDAY        0                         1     -1        0
  MONTH TO DATE    8                         8      0       13
  SINCE MAR 1      8                         9     -1       13
  SINCE JAN 1      8                         9     -1       13
..................................................................


WIND (MPH)
  HIGHEST WIND SPEED    21   HIGHEST WIND DIRECTION     W (260)
  HIGHEST GUST SPEED    27   HIGHEST GUST DIRECTION    NW (310)
  AVERAGE WIND SPEED    10.6


SKY COVER
  POSSIBLE SUNSHINE  MM
  AVERAGE SKY COVER 0.5


WEATHER CONDITIONS
 THE FOLLOWING WEATHER WAS RECORDED YESTERDAY.
  NO SIGNIFICANT WEATHER WAS OBSERVED.


RELATIVE HUMIDITY (PERCENT)
 HIGHEST    84          1200 AM
 LOWEST     37           600 PM
 AVERAGE    61

..........................................................


THE PHILADELPHIA PA CLIMATE NORMALS FOR TODAY
                         NORMAL    RECORD    YEAR
 MAXIMUM TEMPERATURE (F)   68        93      1915
 MINIMUM TEMPERATURE (F)   48        36      1967


SUNRISE AND SUNSET
APRIL 27 2018.........SUNRISE   606 AM EDT   SUNSET   751 PM EDT
APRIL 28 2018.........SUNRISE   605 AM EDT   SUNSET   752 PM EDT


-  INDICATES NEGATIVE NUMBERS.
R  INDICATES RECORD WAS SET OR TIED.
MM INDICATES DATA IS MISSING.
T  INDICATES TRACE AMOUNT.




$$
