000
CDUS43 KILX 262155
CLIPIA


CLIMATE REPORT
NATIONAL WEATHER SERVICE LINCOLN IL
453 PM CDT SAT MAY 26 2018


...................................

...THE PEORIA IL CLIMATE SUMMARY FOR MAY 26 2018...
VALID TODAY AS OF 0400 PM LOCAL TIME.

CLIMATE NORMAL PERIOD 1981 TO 2010
CLIMATE RECORD PERIOD 1883 TO 2018


WEATHER ITEM   OBSERVED TIME   RECORD YEAR NORMAL DEPARTURE LAST
                VALUE   (LST)  VALUE       VALUE  FROM      YEAR
                                                  NORMAL
..................................................................
TEMPERATURE (F)
 TODAY
  MAXIMUM         89    259 PM  95    1911  76     13       76
  MINIMUM         65    310 AM  34    1979  55     10       55
  AVERAGE         77                        66     11       66

PRECIPITATION (IN)
  TODAY            T             1.80 1922   0.14  -0.14     0.86
  MONTH TO DATE    2.42                      3.69  -1.27     3.62
  SINCE MAR 1      7.87                     10.12  -2.25    15.83
  SINCE JAN 1     14.29                     13.69   0.60    18.49

SNOWFALL (IN)
  TODAY            0.0           0.0    MM   0.0    0.0      0.0
  MONTH TO DATE    0.0                       0.0    0.0      0.0
  SINCE MAR 1     11.8                       3.3    8.5      4.2
  SINCE JUL 1     32.1                      24.6    7.5     13.9
  SNOW DEPTH       0

DEGREE DAYS
 HEATING
  TODAY            0                         3     -3        0
  MONTH TO DATE    7                       136   -129      149
  SINCE MAR 1   1409                      1285    124     1093
  SINCE JUL 1   5769                      5801    -32     4700

 COOLING
  TODAY           12                         3      9        1
  MONTH TO DATE  143                        48     95       51
  SINCE MAR 1    145                        62     83       69
  SINCE JAN 1    145                        62     83       69
..................................................................


WIND (MPH)
  HIGHEST WIND SPEED    14   HIGHEST WIND DIRECTION     W (260)
  HIGHEST GUST SPEED    18   HIGHEST GUST DIRECTION     W (260)
  AVERAGE WIND SPEED     3.9


SKY COVER
  POSSIBLE SUNSHINE  MM
  AVERAGE SKY COVER 0.1


WEATHER CONDITIONS
 THE FOLLOWING WEATHER WAS RECORDED TODAY.
  LIGHT RAIN
  FOG


RELATIVE HUMIDITY (PERCENT)
 HIGHEST   100           100 AM
 LOWEST     44           300 PM
 AVERAGE    72

..........................................................


THE PEORIA IL CLIMATE NORMALS FOR TOMORROW
                         NORMAL    RECORD    YEAR
 MAXIMUM TEMPERATURE (F)   77        94      1911
 MINIMUM TEMPERATURE (F)   55        35      1992


SUNRISE AND SUNSET
MAY 26 2018...........SUNRISE   533 AM CDT   SUNSET   819 PM CDT
MAY 27 2018...........SUNRISE   533 AM CDT   SUNSET   820 PM CDT


-  INDICATES NEGATIVE NUMBERS.
R  INDICATES RECORD WAS SET OR TIED.
MM INDICATES DATA IS MISSING.
T  INDICATES TRACE AMOUNT.




$$
