000
CDUS45 KPIH 230730
CLIPIH


CLIMATE REPORT
NATIONAL WEATHER SERVICE POCATELLO ID
130 AM MDT WED MAY 23 2018


...................................

...THE POCATELLO ID CLIMATE SUMMARY FOR MAY 22 2018...

CLIMATE NORMAL PERIOD 1981 TO 2010
CLIMATE RECORD PERIOD 1939 TO 2018


WEATHER ITEM   OBSERVED TIME   RECORD YEAR NORMAL DEPARTURE LAST
                VALUE   (LST)  VALUE       VALUE  FROM      YEAR
                                                  NORMAL
..................................................................
TEMPERATURE (F)
 YESTERDAY
  MAXIMUM         76    323 PM  87    1967  70      6       75
  MINIMUM         49    433 AM  30    2010  41      8       41
  AVERAGE         63                        55      8       58

PRECIPITATION (IN)
  YESTERDAY        T             0.31 2008   0.05  -0.05     0.00
  MONTH TO DATE    0.62                      1.03  -0.41     0.36
  SINCE OCT 1      7.69                      8.62  -0.93    16.27
  SINCE JAN 1      4.90                      5.40  -0.50     9.71

SNOWFALL (IN)
  YESTERDAY        0.0
  MONTH TO DATE    0.0
  SINCE MAR 1      8.3
  SINCE JUL 1     30.5
  SNOW DEPTH       0

DEGREE DAYS
 HEATING
  YESTERDAY        2                        10     -8        7
  MONTH TO DATE  188                       276    -88      275
  SINCE MAR 1   1505                      1697   -192     1540
  SINCE JUL 1   6213                      6970   -757     6789

 COOLING
  YESTERDAY        0                         0      0        0
  MONTH TO DATE    1                         0      1        0
  SINCE MAR 1      1                         0      1        0
  SINCE JAN 1      1                         0      1        0
..................................................................


WIND (MPH)
  HIGHEST WIND SPEED    26   HIGHEST WIND DIRECTION     W (260)
  HIGHEST GUST SPEED    33   HIGHEST GUST DIRECTION     W (260)
  AVERAGE WIND SPEED     7.4


SKY COVER
  POSSIBLE SUNSHINE  MM
  AVERAGE SKY COVER 0.3


WEATHER CONDITIONS
 THE FOLLOWING WEATHER WAS RECORDED YESTERDAY.
  THUNDERSTORM
  HAZE


RELATIVE HUMIDITY (PERCENT)
 HIGHEST    93           900 PM
 LOWEST     27           200 PM
 AVERAGE    60

..........................................................


THE POCATELLO ID CLIMATE NORMALS FOR TODAY
                         NORMAL    RECORD    YEAR
 MAXIMUM TEMPERATURE (F)   70        88      1967
 MINIMUM TEMPERATURE (F)   41        23      1966


SUNRISE AND SUNSET
MAY 23 2018...........SUNRISE   600 AM MDT   SUNSET   855 PM MDT
MAY 24 2018...........SUNRISE   559 AM MDT   SUNSET   856 PM MDT


-  INDICATES NEGATIVE NUMBERS.
R  INDICATES RECORD WAS SET OR TIED.
MM INDICATES DATA IS MISSING.
T  INDICATES TRACE AMOUNT.




$$
