728
CDUS43 KABR 250735
CLIPIR


CLIMATE REPORT
NATIONAL WEATHER SERVICE ABERDEEN SD
230 AM CDT WED APR 25 2018


...................................

...THE PIERRE SD CLIMATE SUMMARY FOR APRIL 24 2018...

CLIMATE NORMAL PERIOD 1981 TO 2010
CLIMATE RECORD PERIOD 1892 TO 2018


WEATHER ITEM   OBSERVED TIME   RECORD YEAR NORMAL DEPARTURE LAST
                VALUE   (LST)  VALUE       VALUE  FROM      YEAR
                                                  NORMAL
..................................................................
TEMPERATURE (F)
 YESTERDAY
  MAXIMUM         54    624 PM  93    1962  64    -10       54
  MINIMUM         34   1030 PM  25    1934  37     -3       37
  AVERAGE         44                        50     -6       46

PRECIPITATION (IN)
  YESTERDAY        0.01          1.03 1990   0.08  -0.07     0.01
  MONTH TO DATE    1.65                      1.36   0.29     1.74
  SINCE MAR 1      3.05                      2.59   0.46     2.08
  SINCE JAN 1      4.62                      3.60   1.02     3.31

SNOWFALL (IN)
  YESTERDAY       MM             T    2013   0.1   MM        0.0
                                      2009
                                      2006
  MONTH TO DATE   16.0                       3.7   12.3       T
  SINCE OCT 1     48.0                      31.5   16.5     32.6
  SINCE JUL 1     48.0                      31.5   16.5     32.6
  SNOW DEPTH       0

DEGREE DAYS
 HEATING
  YESTERDAY       21                        15      6       19
  MONTH TO DATE  741                       465    276      373
  SINCE MAR 1   1793                      1412    381     1243
  SINCE JUL 1   7454                      6910    544     6399

 COOLING
  YESTERDAY        0                         0      0        0
  MONTH TO DATE    0                         0      0        1
  SINCE MAR 1      0                         0      0        1
  SINCE JAN 1      0                         0      0        1
..................................................................


WIND (MPH)
  RESULTANT WIND SPEED  11   RESULTANT WIND DIRECTION   N (0)
  HIGHEST WIND SPEED    38   HIGHEST WIND DIRECTION     N (10)
  HIGHEST GUST SPEED    46   HIGHEST GUST DIRECTION     N (20)
  AVERAGE WIND SPEED    14.3




RELATIVE HUMIDITY (PERCENT)
 HIGHEST   100           900 AM
 LOWEST     46           700 PM
 AVERAGE    73

..........................................................


THE PIERRE SD CLIMATE NORMALS FOR TODAY
                         NORMAL    RECORD    YEAR
 MAXIMUM TEMPERATURE (F)   64        94      1962
 MINIMUM TEMPERATURE (F)   38        22      2013


SUNRISE AND SUNSET
APRIL 25 2018.........SUNRISE   641 AM CDT   SUNSET   838 PM CDT
APRIL 26 2018.........SUNRISE   639 AM CDT   SUNSET   839 PM CDT


-  INDICATES NEGATIVE NUMBERS.
R  INDICATES RECORD WAS SET OR TIED.
MM INDICATES DATA IS MISSING.
T  INDICATES TRACE AMOUNT.




$$
