000
CDUS41 KPBZ 212110
CLIPIT

CLIMATE REPORT
NATIONAL WEATHER SERVICE PITTSBURGH PA
510 PM EDT SAT APR 21 2018

...................................

...THE PITTSBURGH PA CLIMATE SUMMARY FOR APRIL 21 2018...
VALID TODAY AS OF 0500 PM LOCAL TIME.

CLIMATE NORMAL PERIOD 1981 TO 2010
CLIMATE RECORD PERIOD 1871 TO 2018

WEATHER ITEM   OBSERVED TIME   RECORD YEAR NORMAL DEPARTURE LAST
                VALUE   (LST)  VALUE       VALUE  FROM      YEAR
                                                  NORMAL
..................................................................
TEMPERATURE (F)
 TODAY
  MAXIMUM         57    334 PM  85    1985  64     -7       68
  MINIMUM         28    623 AM  22    1875  42    -14       50
  AVERAGE         43                        53    -10       59

PRECIPITATION (IN)
  TODAY            0.00          1.16 1964   0.10  -0.10      T
  MONTH TO DATE    3.93                      2.18   1.75     2.31
  SINCE JUN 1     41.65                     33.31   8.34    33.72
  SINCE JAN 1     18.21                     10.22   7.99    12.33

SNOWFALL (IN)
  TODAY            0.0           3.0  1922   0.0    0.0      0.0
  MONTH TO DATE    7.3                       1.4    5.9       T
  SINCE OCT 1     59.8                      41.8   18.0     32.0
  SINCE JUL 1     59.8                      41.8   18.0     32.0
  SNOW DEPTH       0

DEGREE DAYS
 HEATING
  TODAY           22                        12     10        6
  MONTH TO DATE  445                       331    114      196
  SINCE MAR 1   1371                      1119    252      969
  SINCE JUL 1   5379                      5376      3     4395

 COOLING
  TODAY            0                         0      0        0
  MONTH TO DATE   12                         0     12       12
  SINCE MAR 1     12                         1     11       14
  SINCE JAN 1     16                         1     15       15
..................................................................

WIND (MPH)
  HIGHEST WIND SPEED     7   HIGHEST WIND DIRECTION     N (340)
  HIGHEST GUST SPEED     9   HIGHEST GUST DIRECTION    NW (320)
  AVERAGE WIND SPEED     1.8


SKY COVER
  POSSIBLE SUNSHINE  MM
  AVERAGE SKY COVER 0.6


WEATHER CONDITIONS
 THE FOLLOWING WEATHER WAS RECORDED TODAY.
  NO SIGNIFICANT WEATHER WAS OBSERVED.


RELATIVE HUMIDITY (PERCENT)
 HIGHEST    78           500 AM
 LOWEST     24           400 PM
 AVERAGE    51

..........................................................


THE PITTSBURGH PA CLIMATE NORMALS FOR TOMORROW
                         NORMAL    RECORD    YEAR
 MAXIMUM TEMPERATURE (F)   64        86      1902
                                             1878
 MINIMUM TEMPERATURE (F)   42        22      1875


SUNRISE AND SUNSET
APRIL 21 2018.........SUNRISE   634 AM EDT   SUNSET   806 PM EDT
APRIL 22 2018.........SUNRISE   632 AM EDT   SUNSET   807 PM EDT


-  INDICATES NEGATIVE NUMBERS.
R  INDICATES RECORD WAS SET OR TIED.
MM INDICATES DATA IS MISSING.
T  INDICATES TRACE AMOUNT.

$$
&&

SNOW DEPTH IS MEASURED AT 8 AM EDT.

$$
