000
CDUS43 KLOT 220632
CLIPWK


CLIMATE REPORT
NATIONAL WEATHER SERVICE CHICAGO IL
132 AM CDT SUN APR 22 2018


...................................

...THE CHICAGO EXECUTIVE CLIMATE SUMMARY FOR APRIL 21 2018...

CLIMATE NORMAL PERIOD 1981 TO 2010
CLIMATE RECORD PERIOD 1996 TO 2018


WEATHER ITEM   OBSERVED TIME   RECORD YEAR NORMAL DEPARTURE LAST
                VALUE   (LST)  VALUE       VALUE  FROM      YEAR
                                                  NORMAL
..................................................................
TEMPERATURE (F)
 YESTERDAY
  MAXIMUM         54    314 PM  82    2001  60     -6       52
  MINIMUM         35    155 AM  31    2011  39     -4       42
  AVERAGE         45                        50     -5       47

PRECIPITATION (IN)
  YESTERDAY        0.00          0.91 1999   0.10  -0.10     0.00
  MONTH TO DATE    2.57                      1.79   0.78     3.35
  SINCE MAR 1      3.81                      4.04  -0.23     6.56
  SINCE JAN 1      6.97                      6.62   0.35    10.01

DEGREE DAYS
 HEATING
  YESTERDAY       20                        15      5       18
  MONTH TO DATE  580                       398    182      278
  SINCE MAR 1   1472                      1251    221     1120
  SINCE JUL 1   5934                      5989    -55     5109

 COOLING
  YESTERDAY        0                         0      0        0
  MONTH TO DATE    0                         0      0        6
  SINCE MAR 1      0                         0      0        6
  SINCE JAN 1      0                         0      0        6
..................................................................


WIND (MPH)
  RESULTANT WIND SPEED   2   RESULTANT WIND DIRECTION   E (70)
  HIGHEST WIND SPEED    12   HIGHEST WIND DIRECTION    NE (60)
  HIGHEST GUST SPEED    13   HIGHEST GUST DIRECTION    NE (60)
  AVERAGE WIND SPEED     2.5



WEATHER CONDITIONS
 THE FOLLOWING WEATHER WAS RECORDED YESTERDAY.
  NO SIGNIFICANT WEATHER WAS OBSERVED.


..........................................................


THE CHICAGO EXECUTIVE CLIMATE NORMALS FOR TODAY
                         NORMAL    RECORD    YEAR
 MAXIMUM TEMPERATURE (F)   60        82      2007
 MINIMUM TEMPERATURE (F)   40        32      2015
                                             2000


SUNRISE AND SUNSET
APRIL 22 2018.........SUNRISE   600 AM CDT   SUNSET   741 PM CDT
APRIL 23 2018.........SUNRISE   559 AM CDT   SUNSET   742 PM CDT


-  INDICATES NEGATIVE NUMBERS.
R  INDICATES RECORD WAS SET OR TIED.
MM INDICATES DATA IS MISSING.
T  INDICATES TRACE AMOUNT.




$$
