000
CDUS41 KRNK 252108
CLIRNK


CLIMATE REPORT
NATIONAL WEATHER SERVICE BLACKSBURG VA
507 PM EDT WED APR 25 2018


...................................

...THE BLACKSBURG VA CLIMATE SUMMARY FOR APRIL 25 2018...
VALID TODAY AS OF 0500 PM LOCAL TIME.

CLIMATE NORMAL PERIOD 1981 TO 2010
CLIMATE RECORD PERIOD 1952 TO 2018


WEATHER ITEM   OBSERVED RECORD YEAR NORMAL DEPARTURE LAST
                VALUE   VALUE       VALUE  FROM      YEAR
                                           NORMAL
...........................................................
TEMPERATURE (F)
 TODAY
  MAXIMUM         64     86    2009  66     -2       60
  MINIMUM         49     25    1967  41      8       47
  AVERAGE         57                 54      3       54

PRECIPITATION (IN)
  TODAY            0.29   1.65 1987   0.12   0.17     0.13
  MONTH TO DATE    4.16               2.90   1.26     5.69
  SINCE MAR 1      8.82               6.54   2.28     8.93
  SINCE JAN 1     15.09              12.43   2.66    14.71

SNOWFALL (IN)
  TODAY            0.0                                0.0
  MONTH TO DATE    1.2                                0.1
  SINCE MAR 1     23.9                                1.1
  SINCE JUL 1     31.3                                7.7
  SNOW DEPTH       0

DEGREE DAYS
 HEATING
  TODAY            8                 12     -4       11
  MONTH TO DATE  412                377     35      249
  SINCE MAR 1   1232               1104    128      916
  SINCE JUL 1   4893               5152   -259     4008

 COOLING
  TODAY            0                  0      0        0
  MONTH TO DATE    0                  0      0        3
  SINCE MAR 1      0                  0      0        3
  SINCE JAN 1      1                  0      1        3
...........................................................


WIND (MPH)
  HIGHEST WIND SPEED    15   HIGHEST WIND DIRECTION    NW (310)
  HIGHEST GUST SPEED    22   HIGHEST GUST DIRECTION    NW (310)
  AVERAGE WIND SPEED     3.7


SKY COVER
  AVERAGE SKY COVER 1.0


WEATHER CONDITIONS
 THE FOLLOWING WEATHER WAS RECORDED TODAY.
  HEAVY RAIN
  RAIN
  LIGHT RAIN


RELATIVE HUMIDITY (PERCENT)
 HIGHEST   100          1200 AM
 LOWEST     70           200 PM
 AVERAGE    85

..........................................................


THE BLACKSBURG VA CLIMATE NORMALS FOR TOMORROW
                         NORMAL    RECORD    YEAR
 MAXIMUM TEMPERATURE (F)   67        85      2009
 MINIMUM TEMPERATURE (F)   41        25      1972


SUNRISE AND SUNSET
APRIL 25 2018.........SUNRISE   634 AM EDT   SUNSET   806 PM EDT
APRIL 26 2018.........SUNRISE   633 AM EDT   SUNSET   807 PM EDT


-  INDICATES NEGATIVE NUMBERS.
R  INDICATES RECORD WAS SET OR TIED.
MM INDICATES DATA IS MISSING.
T  INDICATES TRACE AMOUNT.

REMARKS:
DUE TO MISSING TEMPERATURES FROM SEPTEMBER 8-10...THE
HEATING DEGREE DAY AND DEPARTURE FROM NORMAL WILL BE CALCULATED
WITHOUT DATA FROM THESE DATES.


$$
